CRAN Package Check Results for Package simSummary

Last updated on 2019-03-27 00:48:16 CET.

Flavor Version Tinstall Tcheck Ttotal Status Flags
r-devel-linux-x86_64-debian-clang 0.1.0 1.97 24.64 26.61 NOTE
r-devel-linux-x86_64-debian-gcc 0.1.0 1.59 19.97 21.56 NOTE
r-devel-linux-x86_64-fedora-clang 0.1.0 34.25 NOTE
r-devel-linux-x86_64-fedora-gcc 0.1.0 35.10 NOTE
r-devel-windows-ix86+x86_64 0.1.0 9.00 52.00 61.00 NOTE
r-patched-linux-x86_64 0.1.0 0.97 22.85 23.82 NOTE
r-patched-solaris-x86 0.1.0 47.60 NOTE
r-release-linux-x86_64 0.1.0 1.09 22.82 23.91 NOTE
r-release-windows-ix86+x86_64 0.1.0 5.00 63.00 68.00 NOTE
r-release-osx-x86_64 0.1.0 NOTE
r-oldrel-windows-ix86+x86_64 0.1.0 4.00 57.00 61.00 NOTE
r-oldrel-osx-x86_64 0.1.0 NOTE

Check Details

Version: 0.1.0
Check: for hidden files and directories
Result: NOTE
    Found the following hidden files and directories:
     vignettes/.Rhistory
    These were most likely included in error. See section 'Package
    structure' in the 'Writing R Extensions' manual.
Flavors: r-devel-linux-x86_64-debian-clang, r-devel-linux-x86_64-debian-gcc, r-devel-linux-x86_64-fedora-clang, r-devel-linux-x86_64-fedora-gcc, r-devel-windows-ix86+x86_64, r-patched-linux-x86_64, r-patched-solaris-x86, r-release-linux-x86_64, r-release-windows-ix86+x86_64, r-release-osx-x86_64, r-oldrel-windows-ix86+x86_64, r-oldrel-osx-x86_64

Version: 0.1.0
Check: dependencies in R code
Result: NOTE
    Packages in Depends field not imported from:
     'abind' 'svUnit'
     These packages need to be imported from (in the NAMESPACE file)
     for when this namespace is loaded but not attached.
Flavors: r-devel-linux-x86_64-debian-clang, r-devel-linux-x86_64-debian-gcc, r-devel-linux-x86_64-fedora-clang, r-devel-linux-x86_64-fedora-gcc, r-devel-windows-ix86+x86_64, r-patched-linux-x86_64, r-patched-solaris-x86, r-release-linux-x86_64, r-release-windows-ix86+x86_64, r-release-osx-x86_64, r-oldrel-windows-ix86+x86_64, r-oldrel-osx-x86_64

Version: 0.1.0
Check: R code for possible problems
Result: NOTE
    simSummary: no visible global function definition for 'abind'
    simSummary_unitTests: no visible global function definition for
     'clearLog'
    simSummary_unitTests: no visible global function definition for
     'runTest'
    simSummary_unitTests: no visible global function definition for
     'svSuite'
    simSummary_unitTests: no visible global function definition for 'Log'
    simSummary_unitTests: no visible global function definition for 'stats'
    simSummary_unitTests: no visible global function definition for
     'metadata'
    simSummary_unitTests: no visible global function definition for
     'errorLog'
    Undefined global functions or variables:
     Log abind clearLog errorLog metadata runTest stats svSuite
Flavors: r-devel-linux-x86_64-debian-clang, r-devel-linux-x86_64-debian-gcc, r-devel-linux-x86_64-fedora-clang, r-devel-linux-x86_64-fedora-gcc, r-devel-windows-ix86+x86_64, r-patched-linux-x86_64, r-patched-solaris-x86, r-release-linux-x86_64, r-release-windows-ix86+x86_64, r-release-osx-x86_64, r-oldrel-windows-ix86+x86_64, r-oldrel-osx-x86_64