CRAN Package Check Results for Package slideview

Last updated on 2019-03-27 00:48:16 CET.

Flavor Version Tinstall Tcheck Ttotal Status Flags
r-devel-linux-x86_64-debian-clang 0.1.0 6.85 62.07 68.92 OK
r-devel-linux-x86_64-debian-gcc 0.1.0 5.41 49.34 54.75 OK
r-devel-linux-x86_64-fedora-clang 0.1.0 86.51 NOTE
r-devel-linux-x86_64-fedora-gcc 0.1.0 85.81 NOTE
r-devel-windows-ix86+x86_64 0.1.0 18.00 96.00 114.00 OK
r-patched-linux-x86_64 0.1.0 4.52 59.92 64.44 OK
r-patched-solaris-x86 0.1.0 125.20 NOTE
r-release-linux-x86_64 0.1.0 4.20 60.25 64.45 OK
r-release-windows-ix86+x86_64 0.1.0 11.00 92.00 103.00 OK
r-release-osx-x86_64 0.1.0 NOTE
r-oldrel-windows-ix86+x86_64 0.1.0 10.00 92.00 102.00 OK
r-oldrel-osx-x86_64 0.1.0 NOTE

Check Details

Version: 0.1.0
Check: dependencies in R code
Result: NOTE
    Namespace in Imports field not imported from: ‘viridisLite’
     All declared Imports should be used.
Flavors: r-devel-linux-x86_64-fedora-clang, r-devel-linux-x86_64-fedora-gcc, r-patched-solaris-x86, r-release-osx-x86_64, r-oldrel-osx-x86_64