CRAN Package Check Results for Package smapr

Last updated on 2019-03-27 00:48:16 CET.

Flavor Version Tinstall Tcheck Ttotal Status Flags
r-devel-linux-x86_64-debian-clang 0.2.0 0.47 2.08 2.55 ERROR
r-devel-linux-x86_64-debian-gcc 0.2.0 6.30 55.96 62.26 OK
r-devel-linux-x86_64-fedora-clang 0.2.0 100.26 OK
r-devel-linux-x86_64-fedora-gcc 0.2.0 93.29 OK
r-devel-windows-ix86+x86_64 0.2.0 17.00 113.00 130.00 OK
r-patched-linux-x86_64 0.2.0 4.13 68.83 72.96 OK
r-patched-solaris-x86 0.2.0 142.40 OK
r-release-linux-x86_64 0.2.0 4.21 68.45 72.66 OK
r-release-windows-ix86+x86_64 0.2.0 13.00 110.00 123.00 OK
r-release-osx-x86_64 0.2.0 OK
r-oldrel-windows-ix86+x86_64 0.2.0 9.00 109.00 118.00 OK
r-oldrel-osx-x86_64 0.2.0 OK

Check Details

Version: 0.2.0
Check: package dependencies
Result: ERROR
    Package required but not available: 'rhdf5'
    
    See section 'The DESCRIPTION file' in the 'Writing R Extensions'
    manual.
Flavor: r-devel-linux-x86_64-debian-clang