CRAN Package Check Results for Package snakecase

Last updated on 2019-03-27 00:48:16 CET.

Flavor Version Tinstall Tcheck Ttotal Status Flags
r-devel-linux-x86_64-debian-clang 0.9.2 2.13 29.88 32.01 ERROR
r-devel-linux-x86_64-debian-gcc 0.9.2 1.66 23.19 24.85 OK
r-devel-linux-x86_64-fedora-clang 0.9.2 47.89 OK
r-devel-linux-x86_64-fedora-gcc 0.9.2 47.54 OK
r-devel-windows-ix86+x86_64 0.9.2 6.00 68.00 74.00 OK
r-patched-linux-x86_64 0.9.2 1.34 28.02 29.36 OK
r-patched-solaris-x86 0.9.2 71.30 OK
r-release-linux-x86_64 0.9.2 1.33 28.31 29.64 OK
r-release-windows-ix86+x86_64 0.9.2 5.00 52.00 57.00 OK
r-release-osx-x86_64 0.9.2 OK
r-oldrel-windows-ix86+x86_64 0.9.2 2.00 63.00 65.00 OK
r-oldrel-osx-x86_64 0.9.2 OK

Check Details

Version: 0.9.2
Check: tests
Result: ERROR
     Running 'testthat.R' [7s/9s]
    Running the tests in 'tests/testthat.R' failed.
    Complete output:
     > library("testthat")
     > library("tibble")
     > library("snakecase")
     >
     >
     > test_check("snakecase")
     -- 1. Failure: janitor-pkg-tests (@test-to_any_case.R#288) --------------------
     clean_names3(...) not equal to c(...).
     3/15 mismatches
     x[13]: "a<U+FFFD><U+FFFD>o"
     y[13]: "acao"
    
     x[14]: "far<U+FFFD>"
     y[14]: "faroe"
    
     x[15]: "r_st<U+FFFD>dio_v_1_0_143"
     y[15]: "r_studio_v_1_0_143"
    
     -- 2. Failure: janitor-pkg-tests (@test-to_any_case.R#295) --------------------
     clean_names3(...) not equal to c(...).
     3/15 mismatches
     x[13]: "a<U+FFFD><U+FFFD>o"
     y[13]: "acao"
    
     x[14]: "far<U+FFFD>"
     y[14]: "faroe"
    
     x[15]: "r_st<U+FFFD>dio_v_1_0_143"
     y[15]: "r_studio_v_1_0_143"
    
     -- 3. Failure: janitor-pkg-tests (@test-to_any_case.R#303) --------------------
     clean_names3(...) not equal to c(...).
     3/15 mismatches
     x[13]: "A<U+FFFD><U+FFFD>O"
     y[13]: "ACAO"
    
     x[14]: "FAR<U+FFFD>"
     y[14]: "FAROE"
    
     x[15]: "R_ST<U+FFFD>DIO_V_1_0_143"
     y[15]: "R_STUDIO_V_1_0_143"
    
     -- 4. Failure: janitor-pkg-tests (@test-to_any_case.R#312) --------------------
     clean_names3(...) not equal to c(...).
     3/15 mismatches
     x[13]: "a<U+FFFD><U+FFFD>O"
     y[13]: "acao"
    
     x[14]: "far<U+FFFD>"
     y[14]: "faroe"
    
     x[15]: "rSt<U+FFFD>DioV1_0_143"
     y[15]: "rStudioV1_0_143"
    
     -- 5. Failure: janitor-pkg-tests (@test-to_any_case.R#321) --------------------
     clean_names3(...) not equal to c(...).
     3/15 mismatches
     x[13]: "A<U+FFFD><U+FFFD>O"
     y[13]: "Acao"
    
     x[14]: "Far<U+FFFD>"
     y[14]: "Faroe"
    
     x[15]: "RSt<U+FFFD>DioV1_0_143"
     y[15]: "RStudioV1_0_143"
    
     -- 6. Failure: janitor-pkg-tests (@test-to_any_case.R#330) --------------------
     clean_names3(...) not equal to c(...).
     3/15 mismatches
     x[13]: "a<U+FFFD><U+FFFD>O"
     y[13]: "acao"
    
     x[14]: "far<U+FFFD>"
     y[14]: "faroe"
    
     x[15]: "rST<U+FFFD>dioV1_0_143"
     y[15]: "rSTUDIOv1_0_143"
    
     -- 7. Failure: janitor-pkg-tests (@test-to_any_case.R#339) --------------------
     clean_names3(...) not equal to c(...).
     3/15 mismatches
     x[13]: "A<U+FFFD><U+FFFD>o"
     y[13]: "ACAO"
    
     x[14]: "FAR<U+FFFD>"
     y[14]: "FAROE"
    
     x[15]: "Rst<U+FFFD>DIOv1_0_143"
     y[15]: "RstudioV1_0_143"
    
     -- 8. Failure: janitor-pkg-tests (@test-to_any_case.R#348) --------------------
     clean_names3(...) not equal to c(...).
     3/15 mismatches
     x[13]: "a<U+FFFD><U+FFFD>o"
     y[13]: "acao"
    
     x[14]: "far<U+FFFD>"
     y[14]: "faroe"
    
     x[15]: "r_st<U+FFFD>dio_v_1_0_143"
     y[15]: "r_studio_v_1_0_143"
    
     -- 9. Failure: janitor-pkg-tests (@test-to_any_case.R#357) --------------------
     clean_names3(...) not equal to c(...).
     3/15 mismatches
     x[13]: "a<U+FFFD><U+FFFD>o"
     y[13]: "acao"
    
     x[14]: "far<U+FFFD>"
     y[14]: "faroe"
    
     x[15]: "r_st<U+FFFD>dio_v_1_0_143"
     y[15]: "r_studio_v_1_0_143"
    
     -- 10. Failure: transliterations (@test-to_any_case.R#397) --------------------
     to_any_case("Älterer Herr", transliterations = c("german", Herr = "Mann")) not equal to "aelterer_mann".
     1/1 mismatches
     x[1]: "älterer_mann"
     y[1]: "aelterer_mann"
    
     -- 11. Failure: transliterations (@test-to_any_case.R#399) --------------------
     to_any_case(...) not equal to "aelterer_mann".
     1/1 mismatches
     x[1]: "älterer_mann"
     y[1]: "aelterer_mann"
    
     -- 12. Failure: complex strings (@test-to_any_case.R#515) ---------------------
     to_any_case("acÄo", transliterations = c("german", "Latin-ASCII")) not equal to "ac_aeo".
     1/1 mismatches
     x[1]: "ac_ao"
     y[1]: "ac_aeo"
    
     -- 13. Failure: complex strings (@test-to_any_case.R#522) ---------------------
     to_any_case("Ø", transliterations = c("danish", "Latin-ASCII")) not equal to "oe".
     1/1 mismatches
     x[1]: "o"
     y[1]: "oe"
    
     -- 14. Failure: complex strings (@test-to_any_case.R#524) ---------------------
     to_any_case("ø", transliterations = c("danish", "Latin-ASCII")) not equal to "oe".
     1/1 mismatches
     x[1]: "o"
     y[1]: "oe"
    
     -- 15. Failure: complex strings (@test-to_any_case.R#526) ---------------------
     to_any_case("Å", transliterations = c("danish", "Latin-ASCII")) not equal to "aa".
     1/1 mismatches
     x[1]: "a"
     y[1]: "aa"
    
     -- 16. Failure: complex strings (@test-to_any_case.R#528) ---------------------
     to_any_case("å", transliterations = c("danish", "Latin-ASCII")) not equal to "aa".
     1/1 mismatches
     x[1]: "a"
     y[1]: "aa"
    
     -- 17. Failure: complex strings (@test-to_any_case.R#531) ---------------------
     to_any_case("Æ", transliterations = c("finnish", "Latin-ASCII")) not equal to "a".
     1/1 mismatches
     x[1]: "ae"
     y[1]: "a"
    
     -- 18. Failure: complex strings (@test-to_any_case.R#533) ---------------------
     to_any_case("æ", transliterations = c("finnish", "Latin-ASCII")) not equal to "a".
     1/1 mismatches
     x[1]: "ae"
     y[1]: "a"
    
     -- 19. Failure: complex strings (@test-to_any_case.R#540) ---------------------
     to_any_case("Æ", transliterations = c("swedish")) not equal to "a".
     1/1 mismatches
     x[1]: "æ"
     y[1]: "a"
    
     -- 20. Failure: complex strings (@test-to_any_case.R#542) ---------------------
     to_any_case("æ", transliterations = c("swedish")) not equal to "a".
     1/1 mismatches
     x[1]: "æ"
     y[1]: "a"
    
     -- 21. Failure: complex strings (@test-to_any_case.R#544) ---------------------
     to_any_case("Ø", transliterations = c("swedish")) not equal to "o".
     1/1 mismatches
     x[1]: "ø"
     y[1]: "o"
    
     -- 22. Failure: complex strings (@test-to_any_case.R#546) ---------------------
     to_any_case("ø", transliterations = c("swedish")) not equal to "o".
     1/1 mismatches
     x[1]: "ø"
     y[1]: "o"
    
     -- 23. Failure: complex strings (@test-to_any_case.R#548) ---------------------
     to_any_case("Å", transliterations = c("swedish")) not equal to "a".
     1/1 mismatches
     x[1]: "å"
     y[1]: "a"
    
     -- 24. Failure: complex strings (@test-to_any_case.R#550) ---------------------
     to_any_case("å", transliterations = c("swedish")) not equal to "a".
     1/1 mismatches
     x[1]: "å"
     y[1]: "a"
    
     == testthat results ===========================================================
     OK: 216 SKIPPED: 0 FAILED: 24
     1. Failure: janitor-pkg-tests (@test-to_any_case.R#288)
     2. Failure: janitor-pkg-tests (@test-to_any_case.R#295)
     3. Failure: janitor-pkg-tests (@test-to_any_case.R#303)
     4. Failure: janitor-pkg-tests (@test-to_any_case.R#312)
     5. Failure: janitor-pkg-tests (@test-to_any_case.R#321)
     6. Failure: janitor-pkg-tests (@test-to_any_case.R#330)
     7. Failure: janitor-pkg-tests (@test-to_any_case.R#339)
     8. Failure: janitor-pkg-tests (@test-to_any_case.R#348)
     9. Failure: janitor-pkg-tests (@test-to_any_case.R#357)
     1. ...
    
     Error: testthat unit tests failed
     Execution halted
Flavor: r-devel-linux-x86_64-debian-clang