Last updated on 2019-03-27 00:48:16 CET.
Flavor | Version | Tinstall | Tcheck | Ttotal | Status | Flags |
---|---|---|---|---|---|---|
r-devel-linux-x86_64-debian-clang | 0.4-3 | 2.74 | 21.61 | 24.35 | OK | |
r-devel-linux-x86_64-debian-gcc | 0.4-3 | 2.04 | 17.16 | 19.20 | OK | |
r-devel-linux-x86_64-fedora-clang | 0.4-3 | 30.34 | OK | |||
r-devel-linux-x86_64-fedora-gcc | 0.4-3 | 30.41 | OK | |||
r-devel-windows-ix86+x86_64 | 0.4-3 | 10.00 | 41.00 | 51.00 | OK | |
r-patched-linux-x86_64 | 0.4-3 | 1.75 | 20.33 | 22.08 | OK | |
r-patched-solaris-x86 | 0.4-3 | 40.50 | OK | |||
r-release-linux-x86_64 | 0.4-3 | 1.91 | 20.40 | 22.31 | OK | |
r-release-windows-ix86+x86_64 | 0.4-3 | 4.00 | 52.00 | 56.00 | OK | |
r-release-osx-x86_64 | 0.4-3 | NOTE | ||||
r-oldrel-windows-ix86+x86_64 | 0.4-3 | 4.00 | 39.00 | 43.00 | OK | |
r-oldrel-osx-x86_64 | 0.4-3 | NOTE |
Version: 0.4-3
Check: package dependencies
Result: NOTE
Package suggested but not available for checking: ‘Rmpi’
Flavors: r-release-osx-x86_64, r-oldrel-osx-x86_64