Last updated on 2019-03-27 00:48:17 CET.
Flavor | Version | Tinstall | Tcheck | Ttotal | Status | Flags |
---|---|---|---|---|---|---|
r-devel-linux-x86_64-debian-clang | 1.1.3 | 406.38 | 89.13 | 495.51 | OK | |
r-devel-linux-x86_64-debian-gcc | 1.1.3 | 326.10 | 68.59 | 394.69 | OK | |
r-devel-linux-x86_64-fedora-clang | 1.1.3 | 837.14 | NOTE | |||
r-devel-linux-x86_64-fedora-gcc | 1.1.3 | 712.86 | NOTE | |||
r-devel-windows-ix86+x86_64 | 1.1.3 | 829.00 | 195.00 | 1024.00 | NOTE | |
r-patched-linux-x86_64 | 1.1.3 | 379.63 | 86.33 | 465.96 | OK | |
r-patched-solaris-x86 | 1.1.3 | 550.70 | NOTE | |||
r-release-linux-x86_64 | 1.1.3 | 377.29 | 86.26 | 463.55 | OK | |
r-release-windows-ix86+x86_64 | 1.1.3 | 935.00 | 192.00 | 1127.00 | NOTE | |
r-release-osx-x86_64 | 1.1.3 | NOTE | ||||
r-oldrel-windows-ix86+x86_64 | 1.1.3 | 755.00 | 169.00 | 924.00 | NOTE | |
r-oldrel-osx-x86_64 | 1.1.3 | NOTE |
Version: 1.1.3
Check: installed package size
Result: NOTE
installed size is 27.8Mb
sub-directories of 1Mb or more:
libs 26.0Mb
Flavors: r-devel-linux-x86_64-fedora-clang, r-devel-windows-ix86+x86_64, r-release-windows-ix86+x86_64, r-release-osx-x86_64, r-oldrel-windows-ix86+x86_64, r-oldrel-osx-x86_64
Version: 1.1.3
Check: dependencies in R code
Result: NOTE
Namespace in Imports field not imported from: ‘MASS’
All declared Imports should be used.
Flavors: r-devel-linux-x86_64-fedora-clang, r-devel-linux-x86_64-fedora-gcc, r-patched-solaris-x86, r-release-osx-x86_64, r-oldrel-osx-x86_64