CRAN Package Check Results for Package sparkline

Last updated on 2019-03-27 00:48:17 CET.

Flavor Version Tinstall Tcheck Ttotal Status Flags
r-devel-linux-x86_64-debian-clang 2.0 1.81 26.15 27.96 OK
r-devel-linux-x86_64-debian-gcc 2.0 1.84 20.68 22.52 OK
r-devel-linux-x86_64-fedora-clang 2.0 35.76 OK
r-devel-linux-x86_64-fedora-gcc 2.0 34.17 OK
r-devel-windows-ix86+x86_64 2.0 7.00 66.00 73.00 OK
r-patched-linux-x86_64 2.0 1.30 24.68 25.98 OK
r-patched-solaris-x86 2.0 59.70 WARN
r-release-linux-x86_64 2.0 1.24 24.10 25.34 OK
r-release-windows-ix86+x86_64 2.0 6.00 43.00 49.00 OK
r-release-osx-x86_64 2.0 WARN
r-oldrel-windows-ix86+x86_64 2.0 4.00 54.00 58.00 OK
r-oldrel-osx-x86_64 2.0 WARN

Check Details

Version: 2.0
Check: re-building of vignette outputs
Result: WARN
    Error in re-building vignettes:
     ...
    Warning in engine$weave(file, quiet = quiet, encoding = enc) :
     Pandoc (>= 1.12.3) and/or pandoc-citeproc not available. Falling back to R Markdown v1.
    Quitting from lines 20-30 (intro_sparkline.Rmd)
    Error: processing vignette 'intro_sparkline.Rmd' failed with diagnostics:
    there is no package called 'webshot'
    Execution halted
Flavor: r-patched-solaris-x86

Version: 2.0
Check: re-building of vignette outputs
Result: WARN
    Error in re-building vignettes:
     ...
    Warning in engine$weave(file, quiet = quiet, encoding = enc) :
     Pandoc (>= 1.12.3) and/or pandoc-citeproc not available. Falling back to R Markdown v1.
    PhantomJS not found. You can install it with webshot::install_phantomjs(). If it is installed, please make sure the phantomjs executable can be found via the PATH variable.
    Warning in normalizePath(f2) :
     path[1]="./webshot10951185c772.png": No such file or directory
    Warning in file(con, "rb") :
     cannot open file './webshot10951185c772.png': No such file or directory
    Quitting from lines 20-30 (intro_sparkline.Rmd)
    Error: processing vignette 'intro_sparkline.Rmd' failed with diagnostics:
    cannot open the connection
    Execution halted
Flavor: r-release-osx-x86_64

Version: 2.0
Check: re-building of vignette outputs
Result: WARN
    Error in re-building vignettes:
     ...
    Warning in engine$weave(file, quiet = quiet, encoding = enc) :
     Pandoc (>= 1.12.3) and/or pandoc-citeproc not available. Falling back to R Markdown v1.
    PhantomJS not found. You can install it with webshot::install_phantomjs(). If it is installed, please make sure the phantomjs executable can be found via the PATH variable.
    Warning in normalizePath(f2) :
     path[1]="./webshotdcab656233c5.png": No such file or directory
    Warning in file(con, "rb") :
     cannot open file './webshotdcab656233c5.png': No such file or directory
    Quitting from lines 20-30 (intro_sparkline.Rmd)
    Error: processing vignette 'intro_sparkline.Rmd' failed with diagnostics:
    cannot open the connection
    Execution halted
Flavor: r-oldrel-osx-x86_64