CRAN Package Check Results for Package splashr

Last updated on 2019-03-27 00:48:17 CET.

Flavor Version Tinstall Tcheck Ttotal Status Flags
r-devel-linux-x86_64-debian-clang 0.6.0 5.98 54.94 60.92 WARN
r-devel-linux-x86_64-debian-gcc 0.6.0 5.56 43.53 49.09 OK
r-devel-linux-x86_64-fedora-clang 0.6.0 76.59 OK
r-devel-linux-x86_64-fedora-gcc 0.6.0 73.70 OK
r-devel-windows-ix86+x86_64 0.6.0 15.00 72.00 87.00 OK
r-patched-linux-x86_64 0.6.0 5.00 50.50 55.50 OK
r-patched-solaris-x86 0.6.0 117.60 OK
r-release-linux-x86_64 0.6.0 4.51 50.19 54.70 OK
r-release-windows-ix86+x86_64 0.6.0 16.00 98.00 114.00 OK
r-release-osx-x86_64 0.6.0 OK
r-oldrel-windows-ix86+x86_64 0.6.0 10.00 96.00 106.00 OK
r-oldrel-osx-x86_64 0.6.0 OK

Check Details

Version: 0.6.0
Check: whether package can be installed
Result: WARN
    Found the following significant warnings:
     Warning: unable to re-encode 'dsl.R' line 43
     Warning: unable to re-encode 'execute.R' line 10
     Warning: unable to re-encode 'render-html.R' lines 19, 22, 25, 28
     Warning: unable to re-encode 'splashr-package.R' line 4
Flavor: r-devel-linux-x86_64-debian-clang