Last updated on 2019-03-27 00:48:17 CET.
Flavor | Version | Tinstall | Tcheck | Ttotal | Status | Flags |
---|---|---|---|---|---|---|
r-devel-linux-x86_64-debian-clang | 1.2-2 | 5.98 | 37.91 | 43.89 | OK | |
r-devel-linux-x86_64-debian-gcc | 1.2-2 | 5.15 | 29.38 | 34.53 | OK | |
r-devel-linux-x86_64-fedora-clang | 1.2-2 | 54.03 | NOTE | |||
r-devel-linux-x86_64-fedora-gcc | 1.2-2 | 51.79 | NOTE | |||
r-devel-windows-ix86+x86_64 | 1.2-2 | 21.00 | 84.00 | 105.00 | OK | |
r-patched-linux-x86_64 | 1.2-2 | 5.58 | 35.30 | 40.88 | OK | |
r-patched-solaris-x86 | 1.2-2 | 69.30 | OK | |||
r-release-linux-x86_64 | 1.2-2 | 4.63 | 35.24 | 39.87 | OK | |
r-release-windows-ix86+x86_64 | 1.2-2 | 10.00 | 56.00 | 66.00 | OK | |
r-release-osx-x86_64 | 1.2-2 | OK | ||||
r-oldrel-windows-ix86+x86_64 | 1.2-2 | 7.00 | 76.00 | 83.00 | OK | |
r-oldrel-osx-x86_64 | 1.2-2 | OK |
Version: 1.2-2
Check: compiled code
Result: NOTE
File ‘splus2R/libs/splus2R.so’:
Found no calls to: ‘R_registerRoutines’, ‘R_useDynamicSymbols’
It is good practice to register native routines and to disable symbol
search.
See ‘Writing portable packages’ in the ‘Writing R Extensions’ manual.
Flavors: r-devel-linux-x86_64-fedora-clang, r-devel-linux-x86_64-fedora-gcc