Last updated on 2019-03-27 00:48:17 CET.
Flavor | Version | Tinstall | Tcheck | Ttotal | Status | Flags |
---|---|---|---|---|---|---|
r-devel-linux-x86_64-debian-clang | 1.3 | 42.51 | 50.15 | 92.66 | OK | |
r-devel-linux-x86_64-debian-gcc | 1.3 | 32.19 | 39.13 | 71.32 | OK | |
r-devel-linux-x86_64-fedora-clang | 1.3 | 135.24 | NOTE | |||
r-devel-linux-x86_64-fedora-gcc | 1.3 | 121.29 | NOTE | |||
r-devel-windows-ix86+x86_64 | 1.3 | 84.00 | 133.00 | 217.00 | OK | |
r-patched-linux-x86_64 | 1.3 | 38.55 | 48.13 | 86.68 | OK | |
r-patched-solaris-x86 | 1.3 | 132.20 | OK | |||
r-release-linux-x86_64 | 1.3 | 41.23 | 48.45 | 89.68 | OK | |
r-release-windows-ix86+x86_64 | 1.3 | 107.00 | 131.00 | 238.00 | OK | |
r-release-osx-x86_64 | 1.3 | OK | ||||
r-oldrel-windows-ix86+x86_64 | 1.3 | 81.00 | 109.00 | 190.00 | OK | |
r-oldrel-osx-x86_64 | 1.3 | OK |
Version: 1.3
Check: compiled code
Result: NOTE
File ‘starma/libs/starma.so’:
Found no calls to: ‘R_registerRoutines’, ‘R_useDynamicSymbols’
It is good practice to register native routines and to disable symbol
search.
See ‘Writing portable packages’ in the ‘Writing R Extensions’ manual.
Flavors: r-devel-linux-x86_64-fedora-clang, r-devel-linux-x86_64-fedora-gcc