CRAN Package Check Results for Package suropt

Last updated on 2019-03-27 00:48:18 CET.

Flavor Version Tinstall Tcheck Ttotal Status Flags
r-devel-linux-x86_64-debian-clang 0.1.1 8.34 70.30 78.64 OK
r-devel-linux-x86_64-debian-gcc 0.1.1 8.01 55.19 63.20 OK
r-devel-linux-x86_64-fedora-clang 0.1.1 96.87 NOTE
r-devel-linux-x86_64-fedora-gcc 0.1.1 95.59 NOTE
r-devel-windows-ix86+x86_64 0.1.1 20.00 88.00 108.00 OK
r-patched-linux-x86_64 0.1.1 5.98 67.81 73.79 OK
r-patched-solaris-x86 0.1.1 139.90 NOTE
r-release-linux-x86_64 0.1.1 6.24 67.32 73.56 OK
r-release-windows-ix86+x86_64 0.1.1 19.00 129.00 148.00 OK
r-release-osx-x86_64 0.1.1 NOTE
r-oldrel-windows-ix86+x86_64 0.1.1 11.00 114.00 125.00 OK
r-oldrel-osx-x86_64 0.1.1 NOTE

Check Details

Version: 0.1.1
Check: dependencies in R code
Result: NOTE
    Namespaces in Imports field not imported from:
     ‘DiceOptim’ ‘GPareto’ ‘rgenoud’
     All declared Imports should be used.
Flavors: r-devel-linux-x86_64-fedora-clang, r-devel-linux-x86_64-fedora-gcc, r-patched-solaris-x86, r-release-osx-x86_64, r-oldrel-osx-x86_64