CRAN Package Check Results for Package svglite

Last updated on 2019-03-27 00:48:18 CET.

Flavor Version Tinstall Tcheck Ttotal Status Flags
r-devel-linux-x86_64-debian-clang 1.2.1 18.96 31.38 50.34 ERROR
r-devel-linux-x86_64-debian-gcc 1.2.1 14.38 25.01 39.39 OK
r-devel-linux-x86_64-fedora-clang 1.2.1 72.50 OK
r-devel-linux-x86_64-fedora-gcc 1.2.1 63.63 OK
r-devel-windows-ix86+x86_64 1.2.1 59.00 88.00 147.00 OK
r-patched-linux-x86_64 1.2.1 17.23 28.35 45.58 OK
r-patched-solaris-x86 1.2.1 78.50 OK
r-release-linux-x86_64 1.2.1 17.68 28.67 46.35 OK
r-release-windows-ix86+x86_64 1.2.1 49.00 92.00 141.00 OK
r-release-osx-x86_64 1.2.1 OK
r-oldrel-windows-ix86+x86_64 1.2.1 37.00 86.00 123.00 OK
r-oldrel-osx-x86_64 1.2.1 OK

Check Details

Version: 1.2.1
Check: tests
Result: ERROR
     Running 'testthat.R' [3s/4s]
    Running the tests in 'tests/testthat.R' failed.
    Complete output:
     > library(testthat)
     > library(svglite)
     >
     > test_check("svglite")
     -- 1. Failure: utf-8 characters are preserved (@test-text.R#42) ---------------
     xml_text(xml_find_first(x, ".//text")) not equal to "µ".
     1/1 mismatches
     x[1]: "µ"
     y[1]: "µ"
    
     == testthat results ===========================================================
     OK: 94 SKIPPED: 4 FAILED: 1
     1. Failure: utf-8 characters are preserved (@test-text.R#42)
    
     Error: testthat unit tests failed
     Execution halted
Flavor: r-devel-linux-x86_64-debian-clang