CRAN Package Check Results for Package tabula

Last updated on 2019-03-27 00:48:18 CET.

Flavor Version Tinstall Tcheck Ttotal Status Flags
r-devel-linux-x86_64-debian-clang 1.2.0 8.43 128.80 137.23 WARN
r-devel-linux-x86_64-debian-gcc 1.2.0 8.05 96.15 104.20 OK
r-devel-linux-x86_64-fedora-clang 1.2.0 170.84 NOTE
r-devel-linux-x86_64-fedora-gcc 1.2.0 155.03 NOTE
r-devel-windows-ix86+x86_64 1.2.0 19.00 145.00 164.00 OK
r-patched-linux-x86_64 1.2.0 6.85 123.52 130.37 OK
r-patched-solaris-x86 1.2.0 199.70 NOTE
r-release-linux-x86_64 1.2.0 7.69 122.75 130.44 OK
r-release-windows-ix86+x86_64 1.2.0 16.00 190.00 206.00 OK
r-release-osx-x86_64 1.0.0 NOTE
r-oldrel-windows-ix86+x86_64 1.2.0 9.00 162.00 171.00 OK
r-oldrel-osx-x86_64 1.0.0 NOTE

Check Details

Version: 1.2.0
Check: whether package can be installed
Result: WARN
    Found the following significant warnings:
     Warning: unable to re-encode 'AllGenerics.R' lines 803, 805
Flavor: r-devel-linux-x86_64-debian-clang

Version: 1.2.0
Check: dependencies in R code
Result: NOTE
    Namespace in Imports field not imported from: ‘plyr’
     All declared Imports should be used.
Flavors: r-devel-linux-x86_64-fedora-clang, r-devel-linux-x86_64-fedora-gcc, r-patched-solaris-x86

Version: 1.0.0
Check: dependencies in R code
Result: NOTE
    Namespaces in Imports field not imported from:
     ‘dplyr’ ‘tidyr’
     All declared Imports should be used.
Flavors: r-release-osx-x86_64, r-oldrel-osx-x86_64