Last updated on 2019-03-27 00:48:18 CET.
Flavor | Version | Tinstall | Tcheck | Ttotal | Status | Flags |
---|---|---|---|---|---|---|
r-devel-linux-x86_64-debian-clang | 0.16.1 | 10.54 | 127.29 | 137.83 | WARN | |
r-devel-linux-x86_64-debian-gcc | 0.16.1 | 9.20 | 98.94 | 108.14 | OK | |
r-devel-linux-x86_64-fedora-clang | 0.16.1 | 173.80 | NOTE | |||
r-devel-linux-x86_64-fedora-gcc | 0.16.1 | 156.66 | NOTE | |||
r-devel-windows-ix86+x86_64 | 0.16.1 | 25.00 | 142.00 | 167.00 | OK | |
r-patched-linux-x86_64 | 0.16.1 | 8.21 | 118.70 | 126.91 | OK | |
r-patched-solaris-x86 | 0.16.1 | 211.20 | NOTE | |||
r-release-linux-x86_64 | 0.16.1 | 6.15 | 117.68 | 123.83 | OK | |
r-release-windows-ix86+x86_64 | 0.16.1 | 22.00 | 215.00 | 237.00 | OK | |
r-release-osx-x86_64 | 0.16.1 | NOTE | ||||
r-oldrel-windows-ix86+x86_64 | 0.16.1 | 14.00 | 234.00 | 248.00 | OK | |
r-oldrel-osx-x86_64 | 0.16.1 | NOTE |
Version: 0.16.1
Check: whether package can be installed
Result: WARN
Found the following significant warnings:
Warning: unable to re-encode 'tadaa_assumptions.R' line 81
Warning: unable to re-encode 'tadaa_pairwise_t.R' line 51
Warning: unable to re-encode 'tadaa_two_sample.R' line 140
Flavor: r-devel-linux-x86_64-debian-clang
Version: 0.16.1
Check: data for non-ASCII characters
Result: NOTE
Note: found 3 marked UTF-8 strings
Flavors: r-devel-linux-x86_64-fedora-clang, r-devel-linux-x86_64-fedora-gcc, r-patched-solaris-x86, r-release-osx-x86_64, r-oldrel-osx-x86_64