CRAN Package Check Results for Package thsls

Last updated on 2019-03-27 00:48:19 CET.

Flavor Version Tinstall Tcheck Ttotal Status Flags
r-devel-linux-x86_64-debian-clang 0.1 1.65 17.60 19.25 NOTE
r-devel-linux-x86_64-debian-gcc 0.1 1.22 13.92 15.14 NOTE
r-devel-linux-x86_64-fedora-clang 0.1 23.70 NOTE
r-devel-linux-x86_64-fedora-gcc 0.1 21.60 NOTE
r-devel-windows-ix86+x86_64 0.1 6.00 42.00 48.00 NOTE
r-patched-linux-x86_64 0.1 0.78 16.12 16.90 NOTE
r-patched-solaris-x86 0.1 31.70 NOTE
r-release-linux-x86_64 0.1 0.81 15.93 16.74 NOTE
r-release-windows-ix86+x86_64 0.1 2.00 30.00 32.00 NOTE
r-release-osx-x86_64 0.1 NOTE
r-oldrel-windows-ix86+x86_64 0.1 2.00 44.00 46.00 NOTE
r-oldrel-osx-x86_64 0.1 NOTE

Check Details

Version: 0.1
Check: R code for possible problems
Result: NOTE
    summary.tsls: no visible global function definition for 'printCoefmat'
    threesls: no visible global function definition for 'cor'
    threesls: no visible global function definition for 'pt'
    tsls.formula: no visible global function definition for 'model.matrix'
    tsls.formula: no visible global function definition for
     'model.response'
    Undefined global functions or variables:
     cor model.matrix model.response printCoefmat pt
    Consider adding
     importFrom("stats", "cor", "model.matrix", "model.response",
     "printCoefmat", "pt")
    to your NAMESPACE file.
Flavors: r-devel-linux-x86_64-debian-clang, r-devel-linux-x86_64-debian-gcc, r-devel-linux-x86_64-fedora-clang, r-devel-linux-x86_64-fedora-gcc, r-devel-windows-ix86+x86_64, r-patched-linux-x86_64, r-patched-solaris-x86, r-release-linux-x86_64, r-release-windows-ix86+x86_64, r-release-osx-x86_64, r-oldrel-windows-ix86+x86_64, r-oldrel-osx-x86_64