Last updated on 2019-03-27 00:48:19 CET.
Flavor | Version | Tinstall | Tcheck | Ttotal | Status | Flags |
---|---|---|---|---|---|---|
r-devel-linux-x86_64-debian-clang | 0.1-5 | 2.88 | 16.44 | 19.32 | OK | |
r-devel-linux-x86_64-debian-gcc | 0.1-5 | 2.06 | 13.31 | 15.37 | OK | |
r-devel-linux-x86_64-fedora-clang | 0.1-5 | 24.24 | NOTE | |||
r-devel-linux-x86_64-fedora-gcc | 0.1-5 | 21.94 | NOTE | |||
r-devel-windows-ix86+x86_64 | 0.1-5 | 23.00 | 48.00 | 71.00 | OK | |
r-patched-linux-x86_64 | 0.1-5 | 1.81 | 15.24 | 17.05 | OK | |
r-patched-solaris-x86 | 0.1-5 | 32.80 | OK | |||
r-release-linux-x86_64 | 0.1-5 | 1.64 | 15.25 | 16.89 | OK | |
r-release-windows-ix86+x86_64 | 0.1-5 | 16.00 | 32.00 | 48.00 | OK | |
r-release-osx-x86_64 | 0.1-5 | OK | ||||
r-oldrel-windows-ix86+x86_64 | 0.1-5 | 13.00 | 44.00 | 57.00 | OK | |
r-oldrel-osx-x86_64 | 0.1-5 | OK |
Version: 0.1-5
Check: compiled code
Result: NOTE
File ‘tiff/libs/tiff.so’:
Found no calls to: ‘R_registerRoutines’, ‘R_useDynamicSymbols’
It is good practice to register native routines and to disable symbol
search.
See ‘Writing portable packages’ in the ‘Writing R Extensions’ manual.
Flavors: r-devel-linux-x86_64-fedora-clang, r-devel-linux-x86_64-fedora-gcc