Last updated on 2019-03-27 00:48:20 CET.
Flavor | Version | Tinstall | Tcheck | Ttotal | Status | Flags |
---|---|---|---|---|---|---|
r-devel-linux-x86_64-debian-clang | 0.7-6 | 28.00 | 53.05 | 81.05 | NOTE | |
r-devel-linux-x86_64-debian-gcc | 0.7-6 | 20.50 | 41.71 | 62.21 | NOTE | |
r-devel-linux-x86_64-fedora-clang | 0.7-6 | 112.25 | NOTE | |||
r-devel-linux-x86_64-fedora-gcc | 0.7-6 | 98.73 | NOTE | |||
r-devel-windows-ix86+x86_64 | 0.7-6 | 83.00 | 126.00 | 209.00 | NOTE | |
r-patched-linux-x86_64 | 0.7-6 | 26.38 | 49.30 | 75.68 | NOTE | |
r-patched-solaris-x86 | 0.7-6 | 116.90 | NOTE | |||
r-release-linux-x86_64 | 0.7-6 | 23.77 | 49.18 | 72.95 | NOTE | |
r-release-windows-ix86+x86_64 | 0.7-6 | 83.00 | 143.00 | 226.00 | NOTE | |
r-release-osx-x86_64 | 0.7-6 | NOTE | ||||
r-oldrel-windows-ix86+x86_64 | 0.7-6 | 59.00 | 128.00 | 187.00 | WARN | |
r-oldrel-osx-x86_64 | 0.7-6 | WARN |
Version: 0.7-6
Check: package dependencies
Result: NOTE
Packages suggested but not available for checking:
'Rcampdf', 'tm.lexicon.GeneralInquirer'
Flavors: r-devel-linux-x86_64-debian-clang, r-devel-linux-x86_64-debian-gcc, r-devel-linux-x86_64-fedora-clang, r-devel-linux-x86_64-fedora-gcc
Version: 0.7-6
Check: package dependencies
Result: NOTE
Packages suggested but not available for checking:
'Rcampdf', 'Rpoppler', 'tm.lexicon.GeneralInquirer'
Flavor: r-devel-windows-ix86+x86_64
Version: 0.7-6
Check: Rd cross-references
Result: NOTE
Package unavailable to check Rd xrefs: 'Rpoppler'
Flavors: r-devel-windows-ix86+x86_64, r-release-windows-ix86+x86_64, r-release-osx-x86_64
Version: 0.7-6
Check: package dependencies
Result: NOTE
Packages suggested but not available for checking:
‘Rcampdf’ ‘tm.lexicon.GeneralInquirer’
Flavors: r-patched-linux-x86_64, r-patched-solaris-x86, r-release-linux-x86_64
Version: 0.7-6
Check: package dependencies
Result: NOTE
Packages suggested but not available for checking:
'Rcampdf' 'Rpoppler' 'tm.lexicon.GeneralInquirer'
Flavors: r-release-windows-ix86+x86_64, r-release-osx-x86_64, r-oldrel-windows-ix86+x86_64, r-oldrel-osx-x86_64
Version: 0.7-6
Check: Rd cross-references
Result: WARN
Package unavailable to check Rd xrefs: 'Rpoppler'
Missing link or links in documentation object 'hpc.Rd':
'[parallel:getDefaultCluster]{getDefaultCluster}'
See section 'Cross-references' in the 'Writing R Extensions' manual.
Flavors: r-oldrel-windows-ix86+x86_64, r-oldrel-osx-x86_64