CRAN Package Check Results for Package translateR

Last updated on 2019-03-27 00:48:20 CET.

Flavor Version Tinstall Tcheck Ttotal Status Flags
r-devel-linux-x86_64-debian-clang 1.0 2.55 25.96 28.51 NOTE
r-devel-linux-x86_64-debian-gcc 1.0 1.92 20.77 22.69 NOTE
r-devel-linux-x86_64-fedora-clang 1.0 35.32 NOTE
r-devel-linux-x86_64-fedora-gcc 1.0 32.16 NOTE
r-devel-windows-ix86+x86_64 1.0 6.00 46.00 52.00 NOTE
r-patched-linux-x86_64 1.0 1.57 23.77 25.34 NOTE
r-patched-solaris-x86 1.0 48.90 NOTE
r-release-linux-x86_64 1.0 1.51 23.64 25.15 NOTE
r-release-windows-ix86+x86_64 1.0 5.00 56.00 61.00 NOTE
r-release-osx-x86_64 1.0 NOTE
r-oldrel-windows-ix86+x86_64 1.0 3.00 53.00 56.00 NOTE
r-oldrel-osx-x86_64 1.0 NOTE

Check Details

Version: 1.0
Check: R code for possible problems
Result: NOTE
    microsoftTranslate: no visible global function definition for
     'URLencode'
    Undefined global functions or variables:
     URLencode
    Consider adding
     importFrom("utils", "URLencode")
    to your NAMESPACE file.
Flavors: r-devel-linux-x86_64-debian-clang, r-devel-linux-x86_64-debian-gcc, r-devel-linux-x86_64-fedora-clang, r-devel-linux-x86_64-fedora-gcc, r-devel-windows-ix86+x86_64, r-patched-linux-x86_64, r-patched-solaris-x86, r-release-linux-x86_64, r-release-windows-ix86+x86_64, r-release-osx-x86_64, r-oldrel-windows-ix86+x86_64, r-oldrel-osx-x86_64