CRAN Package Check Results for Package tsqn

Last updated on 2019-03-27 00:48:20 CET.

Flavor Version Tinstall Tcheck Ttotal Status Flags
r-devel-linux-x86_64-debian-clang 1.0.0 2.07 27.11 29.18 WARN
r-devel-linux-x86_64-debian-gcc 1.0.0 1.67 21.21 22.88 OK
r-devel-linux-x86_64-fedora-clang 1.0.0 35.48 OK
r-devel-linux-x86_64-fedora-gcc 1.0.0 32.61 OK
r-devel-windows-ix86+x86_64 1.0.0 9.00 37.00 46.00 OK
r-patched-linux-x86_64 1.0.0 1.40 25.06 26.46 OK
r-patched-solaris-x86 1.0.0 50.80 OK
r-release-linux-x86_64 1.0.0 1.58 24.46 26.04 OK
r-release-windows-ix86+x86_64 1.0.0 6.00 49.00 55.00 OK
r-release-osx-x86_64 1.0.0 OK
r-oldrel-windows-ix86+x86_64 1.0.0 3.00 51.00 54.00 OK
r-oldrel-osx-x86_64 1.0.0 OK

Check Details

Version: 1.0.0
Check: whether package can be installed
Result: WARN
    Found the following significant warnings:
     Warning: unable to re-encode 'gph.r' line 3
Flavor: r-devel-linux-x86_64-debian-clang