Last updated on 2019-03-27 00:48:20 CET.
Flavor | Version | Tinstall | Tcheck | Ttotal | Status | Flags |
---|---|---|---|---|---|---|
r-devel-linux-x86_64-debian-clang | 0.5.4 | 16.55 | 143.97 | 160.52 | WARN | |
r-devel-linux-x86_64-debian-gcc | 0.5.4 | 13.89 | 113.14 | 127.03 | OK | |
r-devel-linux-x86_64-fedora-clang | 0.5.4 | 201.37 | OK | |||
r-devel-linux-x86_64-fedora-gcc | 0.5.4 | 182.86 | OK | |||
r-devel-windows-ix86+x86_64 | 0.5.4 | 43.00 | 186.00 | 229.00 | OK | |
r-patched-linux-x86_64 | 0.5.4 | 11.38 | 137.23 | 148.61 | OK | |
r-patched-solaris-x86 | 0.5.4 | 237.70 | OK | |||
r-release-linux-x86_64 | 0.5.4 | 12.82 | 136.17 | 148.99 | OK | |
r-release-windows-ix86+x86_64 | 0.5.4 | 43.00 | 261.00 | 304.00 | OK | |
r-release-osx-x86_64 | 0.5.4 | OK | ||||
r-oldrel-windows-ix86+x86_64 | 0.5.4 | 26.00 | 196.00 | 222.00 | OK | |
r-oldrel-osx-x86_64 | 0.5.4 | OK |
Version: 0.5.4
Check: whether package can be installed
Result: WARN
Found the following significant warnings:
Warning: unable to re-encode 'makeAP.R' lines 45, 68
Flavor: r-devel-linux-x86_64-debian-clang