Last updated on 2019-03-27 00:48:20 CET.
Flavor | Version | Tinstall | Tcheck | Ttotal | Status | Flags |
---|---|---|---|---|---|---|
r-devel-linux-x86_64-debian-clang | 0.12-3 | 108.02 | 258.99 | 367.01 | NOTE | |
r-devel-linux-x86_64-debian-gcc | 0.12-3 | 88.16 | 193.46 | 281.62 | NOTE | |
r-devel-linux-x86_64-fedora-clang | 0.12-3 | 511.21 | NOTE | |||
r-devel-linux-x86_64-fedora-gcc | 0.12-3 | 450.62 | NOTE | |||
r-devel-windows-ix86+x86_64 | 0.12-3 | 262.00 | 341.00 | 603.00 | NOTE | |
r-patched-linux-x86_64 | 0.12-3 | 107.17 | 236.72 | 343.89 | NOTE | |
r-patched-solaris-x86 | 0.12-3 | 498.00 | NOTE | |||
r-release-linux-x86_64 | 0.12-3 | 109.26 | 230.42 | 339.68 | NOTE | |
r-release-windows-ix86+x86_64 | 0.12-3 | 249.00 | 430.00 | 679.00 | NOTE | |
r-release-osx-x86_64 | 0.12-3 | NOTE | ||||
r-oldrel-windows-ix86+x86_64 | 0.12-3 | 182.00 | 360.00 | 542.00 | NOTE | |
r-oldrel-osx-x86_64 | 0.12-3 | NOTE |
Version: 0.12-3
Check: for GNU extensions in Makefiles
Result: NOTE
GNU make is a SystemRequirements.
Flavors: r-devel-linux-x86_64-debian-clang, r-devel-linux-x86_64-debian-gcc, r-devel-linux-x86_64-fedora-clang, r-devel-linux-x86_64-fedora-gcc, r-devel-windows-ix86+x86_64, r-patched-linux-x86_64, r-patched-solaris-x86, r-release-linux-x86_64, r-release-windows-ix86+x86_64, r-release-osx-x86_64, r-oldrel-windows-ix86+x86_64, r-oldrel-osx-x86_64
Version: 0.12-3
Check: installed package size
Result: NOTE
installed size is 7.9Mb
sub-directories of 1Mb or more:
R 1.2Mb
doc 1.6Mb
libs 4.1Mb
Flavors: r-devel-linux-x86_64-fedora-clang, r-devel-windows-ix86+x86_64, r-release-windows-ix86+x86_64, r-release-osx-x86_64, r-oldrel-osx-x86_64