CRAN Package Check Results for Package vdiffr

Last updated on 2019-03-27 00:48:21 CET.

Flavor Version Tinstall Tcheck Ttotal Status Flags
r-devel-linux-x86_64-debian-clang 0.3.0 30.62 42.96 73.58 OK
r-devel-linux-x86_64-debian-gcc 0.3.0 24.15 33.25 57.40 OK
r-devel-linux-x86_64-fedora-clang 0.3.0 110.86 NOTE
r-devel-linux-x86_64-fedora-gcc 0.3.0 94.15 NOTE
r-devel-windows-ix86+x86_64 0.3.0 64.00 180.00 244.00 OK
r-patched-linux-x86_64 0.3.0 29.67 41.79 71.46 OK
r-patched-solaris-x86 0.3.0 105.80 NOTE
r-release-linux-x86_64 0.3.0 26.11 41.02 67.13 OK
r-release-windows-ix86+x86_64 0.3.0 86.00 140.00 226.00 OK
r-release-osx-x86_64 0.3.0 NOTE
r-oldrel-windows-ix86+x86_64 0.3.0 61.00 110.00 171.00 OK
r-oldrel-osx-x86_64 0.3.0 NOTE

Check Details

Version: 0.3.0
Check: dependencies in R code
Result: NOTE
    Namespace in Imports field not imported from: ‘freetypeharfbuzz’
     All declared Imports should be used.
Flavors: r-devel-linux-x86_64-fedora-clang, r-devel-linux-x86_64-fedora-gcc, r-patched-solaris-x86, r-release-osx-x86_64, r-oldrel-osx-x86_64