CRAN Package Check Results for Package vimp

Last updated on 2019-03-27 00:48:21 CET.

Flavor Version Tinstall Tcheck Ttotal Status Flags
r-devel-linux-x86_64-debian-clang 1.1.4 2.30 140.32 142.62 OK
r-devel-linux-x86_64-debian-gcc 1.1.4 2.08 100.19 102.27 OK
r-devel-linux-x86_64-fedora-clang 1.1.4 176.45 OK
r-devel-linux-x86_64-fedora-gcc 1.1.4 161.79 OK
r-devel-windows-ix86+x86_64 1.1.4 6.00 177.00 183.00 OK
r-patched-linux-x86_64 1.1.4 1.79 137.86 139.65 OK
r-patched-solaris-x86 1.1.4 150.20 WARN
r-release-linux-x86_64 1.1.4 1.35 137.32 138.67 OK
r-release-windows-ix86+x86_64 1.1.4 5.00 204.00 209.00 OK
r-release-osx-x86_64 1.1.4 OK
r-oldrel-windows-ix86+x86_64 1.1.4 3.00 223.00 226.00 OK
r-oldrel-osx-x86_64 1.1.4 OK

Check Details

Version: 1.1.4
Check: package dependencies
Result: NOTE
    Package suggested but not available for checking: ‘xgboost’
Flavor: r-patched-solaris-x86

Version: 1.1.4
Check: re-building of vignette outputs
Result: WARN
    Error in re-building vignettes:
     ...
    Warning in engine$weave(file, quiet = quiet, encoding = enc) :
     Pandoc (>= 1.12.3) and/or pandoc-citeproc not available. Falling back to R Markdown v1.
    Quitting from lines 169-173 (introduction_to_vimp.Rmd)
    Error: processing vignette 'introduction_to_vimp.Rmd' failed with diagnostics:
    there is no package called 'xgboost'
    Execution halted
Flavor: r-patched-solaris-x86