CRAN Package Check Results for Package vip

Last updated on 2019-03-27 00:48:23 CET.

Flavor Version Tinstall Tcheck Ttotal Status Flags
r-devel-linux-x86_64-debian-clang 0.1.2 3.22 42.37 45.59 OK
r-devel-linux-x86_64-debian-gcc 0.1.2 2.26 32.08 34.34 OK
r-devel-linux-x86_64-fedora-clang 0.1.2 55.55 OK
r-devel-linux-x86_64-fedora-gcc 0.1.2 51.66 OK
r-devel-windows-ix86+x86_64 0.1.2 6.00 59.00 65.00 OK
r-patched-linux-x86_64 0.1.2 2.10 41.61 43.71 OK
r-patched-solaris-x86 0.1.2 74.70 NOTE
r-release-linux-x86_64 0.1.2 2.20 39.93 42.13 OK
r-release-windows-ix86+x86_64 0.1.2 7.00 73.00 80.00 OK
r-release-osx-x86_64 0.1.2 OK
r-oldrel-windows-ix86+x86_64 0.1.2 3.00 88.00 91.00 OK
r-oldrel-osx-x86_64 0.1.2 OK

Check Details

Version: 0.1.2
Check: package dependencies
Result: NOTE
    Package suggested but not available for checking: ‘xgboost’
Flavor: r-patched-solaris-x86