Last updated on 2019-03-27 00:48:23 CET.
Flavor | Version | Tinstall | Tcheck | Ttotal | Status | Flags |
---|---|---|---|---|---|---|
r-devel-linux-x86_64-debian-clang | 0.3.0 | 1.43 | 19.58 | 21.01 | OK | |
r-devel-linux-x86_64-debian-gcc | 0.3.0 | 1.14 | 15.91 | 17.05 | OK | |
r-devel-linux-x86_64-fedora-clang | 0.3.0 | 26.57 | OK | |||
r-devel-linux-x86_64-fedora-gcc | 0.3.0 | 24.02 | OK | |||
r-devel-windows-ix86+x86_64 | 0.3.0 | 7.00 | 54.00 | 61.00 | OK | |
r-patched-linux-x86_64 | 0.3.0 | 0.73 | 19.94 | 20.67 | OK | |
r-patched-solaris-x86 | 0.3.0 | 38.40 | OK | |||
r-release-linux-x86_64 | 0.3.0 | 0.83 | 19.52 | 20.35 | OK | |
r-release-windows-ix86+x86_64 | 0.3.0 | 5.00 | 43.00 | 48.00 | OK | |
r-release-osx-x86_64 | 0.3.0 | ERROR | ||||
r-oldrel-windows-ix86+x86_64 | 0.3.0 | 4.00 | 44.00 | 48.00 | OK | |
r-oldrel-osx-x86_64 | 0.3.0 | OK |
Version: 0.3.0
Check: examples
Result: ERROR
Running examples in ‘viridisLite-Ex.R’ failed
The error most likely occurred in:
> ### Name: viridis
> ### Title: Matplotlib 'viridis' and 'cividis' color map
> ### Aliases: viridis viridisMap magma inferno plasma cividis
>
> ### ** Examples
>
> library(ggplot2)
Warning: S3 methods ‘.DollarNames.C++Object’, ‘.DollarNames.Module’, ‘print.bytes’, ‘format.Rcpp_stack_trace’, ‘str.Rcpp_stack_trace’, ‘print.Rcpp_stack_trace’ were declared in NAMESPACE but not found
Error: package or namespace load failed for ‘ggplot2’ in library.dynam(lib, package, package.lib):
shared object ‘Rcpp.so’ not found
Execution halted
Flavor: r-release-osx-x86_64