CRAN Package Check Results for Package waccR

Last updated on 2019-03-27 00:48:23 CET.

Flavor Version Tinstall Tcheck Ttotal Status Flags
r-devel-linux-x86_64-debian-clang 0.1.0 2.56 32.07 34.63 OK
r-devel-linux-x86_64-debian-gcc 0.1.0 2.74 25.47 28.21 OK
r-devel-linux-x86_64-fedora-clang 0.1.0 47.44 NOTE
r-devel-linux-x86_64-fedora-gcc 0.1.0 40.05 NOTE
r-devel-windows-ix86+x86_64 0.1.0 8.00 47.00 55.00 OK
r-patched-linux-x86_64 0.1.0 1.99 29.97 31.96 OK
r-patched-solaris-x86 0.1.0 59.30 NOTE
r-release-linux-x86_64 0.1.0 1.91 30.38 32.29 OK
r-release-windows-ix86+x86_64 0.1.0 8.00 76.00 84.00 OK
r-release-osx-x86_64 0.1.0 NOTE
r-oldrel-windows-ix86+x86_64 0.1.0 5.00 68.00 73.00 OK
r-oldrel-osx-x86_64 0.1.0 NOTE

Check Details

Version: 0.1.0
Check: dependencies in R code
Result: NOTE
    Namespaces in Imports field not imported from:
     ‘lubridate’ ‘tibble’
     All declared Imports should be used.
Flavors: r-devel-linux-x86_64-fedora-clang, r-devel-linux-x86_64-fedora-gcc, r-patched-solaris-x86, r-release-osx-x86_64, r-oldrel-osx-x86_64