Last updated on 2019-03-27 00:48:23 CET.
Flavor | Version | Tinstall | Tcheck | Ttotal | Status | Flags |
---|---|---|---|---|---|---|
r-devel-linux-x86_64-debian-clang | 0.2.2 | 9.41 | 125.89 | 135.30 | WARN | |
r-devel-linux-x86_64-debian-gcc | 0.2.2 | 8.03 | 102.76 | 110.79 | OK | |
r-devel-linux-x86_64-fedora-clang | 0.2.2 | 164.56 | NOTE | |||
r-devel-linux-x86_64-fedora-gcc | 0.2.2 | 154.44 | NOTE | |||
r-devel-windows-ix86+x86_64 | 0.2.2 | 24.00 | 178.00 | 202.00 | OK | |
r-patched-linux-x86_64 | 0.2.2 | 5.00 | 119.20 | 124.20 | OK | |
r-patched-solaris-x86 | 0.2.2 | 213.40 | NOTE | |||
r-release-linux-x86_64 | 0.2.2 | 6.22 | 117.39 | 123.61 | OK | |
r-release-windows-ix86+x86_64 | 0.2.2 | 14.00 | 176.00 | 190.00 | OK | |
r-release-osx-x86_64 | 0.2.2 | NOTE | ||||
r-oldrel-windows-ix86+x86_64 | 0.2.2 | 11.00 | 181.00 | 192.00 | OK | |
r-oldrel-osx-x86_64 | 0.2.2 | NOTE |
Version: 0.2.2
Check: whether package can be installed
Result: WARN
Found the following significant warnings:
Warning: unable to re-encode 'algorithms.R' lines 29, 153, 189, 224, 241, 293, 327, 433, 450, 674, 742
Flavor: r-devel-linux-x86_64-debian-clang
Version: 0.2.2
Check: dependencies in R code
Result: NOTE
Namespace in Imports field not imported from: ‘rgdal’
All declared Imports should be used.
Flavors: r-devel-linux-x86_64-fedora-clang, r-devel-linux-x86_64-fedora-gcc, r-patched-solaris-x86, r-release-osx-x86_64, r-oldrel-osx-x86_64