Last updated on 2019-03-27 00:48:23 CET.
Flavor | Version | Tinstall | Tcheck | Ttotal | Status | Flags |
---|---|---|---|---|---|---|
r-devel-linux-x86_64-debian-clang | 0.1.0 | 5.07 | 43.86 | 48.93 | WARN | |
r-devel-linux-x86_64-debian-gcc | 0.1.0 | 4.80 | 34.28 | 39.08 | OK | |
r-devel-linux-x86_64-fedora-clang | 0.1.0 | 60.58 | NOTE | |||
r-devel-linux-x86_64-fedora-gcc | 0.1.0 | 55.16 | NOTE | |||
r-devel-windows-ix86+x86_64 | 0.1.0 | 15.00 | 57.00 | 72.00 | OK | |
r-patched-linux-x86_64 | 0.1.0 | 3.78 | 42.16 | 45.94 | OK | |
r-patched-solaris-x86 | 0.1.0 | 79.70 | NOTE | |||
r-release-linux-x86_64 | 0.1.0 | 3.55 | 41.87 | 45.42 | OK | |
r-release-windows-ix86+x86_64 | 0.1.0 | 9.00 | 76.00 | 85.00 | OK | |
r-release-osx-x86_64 | 0.1.0 | NOTE | ||||
r-oldrel-windows-ix86+x86_64 | 0.1.0 | 5.00 | 61.00 | 66.00 | OK | |
r-oldrel-osx-x86_64 | 0.1.0 | NOTE |
Version: 0.1.0
Check: whether package can be installed
Result: WARN
Found the following significant warnings:
Warning: unable to re-encode 'cwt_wst.R' line 77
Warning: unable to re-encode 'pow2scales.R' line 20
Warning: unable to re-encode 'scalogram.R' line 80
Warning: unable to re-encode 'windowed_scalogram.R' line 103
Warning: unable to re-encode 'wsd.R' line 139
Flavor: r-devel-linux-x86_64-debian-clang
Version: 0.1.0
Check: dependencies in R code
Result: NOTE
Namespaces in Imports field not imported from:
‘Matrix’ ‘zoo’
All declared Imports should be used.
Flavors: r-devel-linux-x86_64-fedora-clang, r-devel-linux-x86_64-fedora-gcc, r-patched-solaris-x86, r-release-osx-x86_64, r-oldrel-osx-x86_64