CRAN Package Check Results for Package xgboost

Last updated on 2019-03-27 00:48:23 CET.

Flavor Version Tinstall Tcheck Ttotal Status Flags
r-devel-linux-x86_64-debian-clang 0.82.1 99.54 157.11 256.65 ERROR
r-devel-linux-x86_64-debian-gcc 0.82.1 96.28 146.98 243.26 NOTE
r-devel-linux-x86_64-fedora-clang 0.82.1 393.21 NOTE
r-devel-linux-x86_64-fedora-gcc 0.82.1 352.53 NOTE
r-devel-windows-ix86+x86_64 0.82.1 279.00 242.00 521.00 NOTE
r-patched-linux-x86_64 0.82.1 103.71 163.72 267.43 NOTE
r-patched-solaris-x86 0.82.1 17.00 ERROR
r-release-linux-x86_64 0.82.1 109.90 166.27 276.17 NOTE
r-release-windows-ix86+x86_64 0.82.1 267.00 366.00 633.00 NOTE
r-release-osx-x86_64 0.82.1 NOTE
r-oldrel-windows-ix86+x86_64 0.82.1 217.00 306.00 523.00 WARN
r-oldrel-osx-x86_64 0.82.1 NOTE

Check Details

Version: 0.82.1
Check: for GNU extensions in Makefiles
Result: NOTE
    GNU make is a SystemRequirements.
Flavors: r-devel-linux-x86_64-debian-clang, r-devel-linux-x86_64-debian-gcc, r-devel-linux-x86_64-fedora-clang, r-devel-linux-x86_64-fedora-gcc, r-devel-windows-ix86+x86_64, r-patched-linux-x86_64, r-release-linux-x86_64, r-release-windows-ix86+x86_64, r-release-osx-x86_64, r-oldrel-windows-ix86+x86_64, r-oldrel-osx-x86_64

Version: 0.82.1
Check: tests
Result: ERROR
     Running 'testthat.R' [47s/50s]
    Running the tests in 'tests/testthat.R' failed.
    Complete output:
     > library(testthat)
     > library(xgboost)
     >
     > test_check("xgboost")
     [1] train-error:0.061262
     [1] train-logloss:0.380580
     [2] train-logloss:0.247333
     [3] train-logloss:0.175044
     [4] train-logloss:0.122305
     [5] train-logloss:0.089892
     [1] train-logloss:0.497367
     [2] train-logloss:0.357281
     [3] train-logloss:0.257217
     [4] train-logloss:0.184521
     [5] train-logloss:0.132114
     [1] train-auc:0.900000 test-auc:0.800000
     -- 1. Failure: early stopping using a specific metric works (@test_callbacks.R#2
     `logloss_log` not equal to `logloss_pred`.
     1/1 mismatches
     [1] 0.507 - 0.507 == 6.9e-06
    
     [1] eval-error:0.042831 train-error:0.046522
     [2] eval-error:0.021726 train-error:0.022263
     [1] eval-error:0.042831 train-error:0.046522
     [2] eval-error:0.021726 train-error:0.022263
     [1] train-error:0.046522
     [2] train-error:0.022263
     [1] train-error:0.333333
     == testthat results ===========================================================
     OK: 563 SKIPPED: 4 FAILED: 1
     1. Failure: early stopping using a specific metric works (@test_callbacks.R#239)
    
     Error: testthat unit tests failed
     Execution halted
Flavor: r-devel-linux-x86_64-debian-clang

Version: 0.82.1
Check: installed package size
Result: NOTE
     installed size is 20.6Mb
     sub-directories of 1Mb or more:
     libs 19.8Mb
Flavors: r-devel-linux-x86_64-fedora-clang, r-devel-windows-ix86+x86_64, r-release-windows-ix86+x86_64, r-release-osx-x86_64, r-oldrel-windows-ix86+x86_64, r-oldrel-osx-x86_64

Version: 0.82.1
Check: whether package can be installed
Result: ERROR
    Installation failed.
Flavor: r-patched-solaris-x86

Version: 0.82.1
Check: re-building of vignette outputs
Result: WARN
    Error in re-building vignettes:
     ...
    Loading required package: xgboost
    Loading required package: Matrix
    Loading required package: data.table
    Loading required package: vcd
    Loading required package: grid
    Quitting from lines 150-152 (discoverYourData.Rmd)
    Error: processing vignette 'discoverYourData.Rmd' failed with diagnostics:
    could not find function "isFALSE"
    Execution halted
Flavor: r-oldrel-windows-ix86+x86_64