CRAN Package Check Results for Package yacca

Last updated on 2019-03-27 00:48:23 CET.

Flavor Version Tinstall Tcheck Ttotal Status Flags
r-devel-linux-x86_64-debian-clang 1.1.1 2.08 20.08 22.16 NOTE
r-devel-linux-x86_64-debian-gcc 1.1.1 1.89 16.37 18.26 NOTE
r-devel-linux-x86_64-fedora-clang 1.1.1 28.57 NOTE
r-devel-linux-x86_64-fedora-gcc 1.1.1 26.03 NOTE
r-devel-windows-ix86+x86_64 1.1.1 7.00 43.00 50.00 OK
r-patched-linux-x86_64 1.1.1 1.44 19.06 20.50 NOTE
r-patched-solaris-x86 1.1.1 39.20 OK
r-release-linux-x86_64 1.1.1 1.49 18.83 20.32 NOTE
r-release-windows-ix86+x86_64 1.1.1 3.00 29.00 32.00 OK
r-release-osx-x86_64 1.1.1 OK
r-oldrel-windows-ix86+x86_64 1.1.1 2.00 44.00 46.00 OK
r-oldrel-osx-x86_64 1.1.1 OK

Check Details

Version: 1.1.1
Check: top-level files
Result: NOTE
    Non-standard file/directory found at top level:
     'CONTRIBUTORS'
Flavors: r-devel-linux-x86_64-debian-clang, r-devel-linux-x86_64-debian-gcc, r-devel-linux-x86_64-fedora-clang, r-devel-linux-x86_64-fedora-gcc, r-patched-linux-x86_64, r-release-linux-x86_64