Last updated on 2019-04-13 01:57:53 CEST.
Flavor | Version | Tinstall | Tcheck | Ttotal | Status | Flags |
---|---|---|---|---|---|---|
r-devel-linux-x86_64-debian-clang | 2.0-9 | 2.21 | 29.61 | 31.82 | OK | |
r-devel-linux-x86_64-debian-gcc | 2.0-9 | 1.65 | 24.17 | 25.82 | OK | |
r-devel-linux-x86_64-fedora-clang | 2.0-9 | 39.11 | OK | |||
r-devel-linux-x86_64-fedora-gcc | 2.0-9 | 37.65 | OK | |||
r-devel-windows-ix86+x86_64 | 2.0-9 | 8.00 | 64.00 | 72.00 | OK | |
r-patched-linux-x86_64 | 2.0-9 | 1.89 | 29.96 | 31.85 | OK | |
r-patched-solaris-x86 | 2.0-9 | 59.50 | OK | |||
r-release-linux-x86_64 | 2.0-9 | 1.23 | 28.69 | 29.92 | OK | |
r-release-windows-ix86+x86_64 | 2.0-9 | 5.00 | 45.00 | 50.00 | OK | |
r-release-osx-x86_64 | 2.0-9 | OK | ||||
r-oldrel-windows-ix86+x86_64 | 2.0-9 | 3.00 | 54.00 | 57.00 | OK | |
r-oldrel-osx-x86_64 | 2.0-9 | NOTE |
Version: 2.0-9
Check: re-building of vignette outputs
Result: NOTE
Error in re-building vignettes:
...
Loading required package: BACCO
Loading required package: emulator
Loading required package: mvtnorm
Loading required package: calibrator
Loading required package: approximator
Error in texi2dvi(file = file, pdf = TRUE, clean = clean, quiet = quiet, :
Running 'texi2dvi' on 'both_papers.tex' failed.
LaTeX errors:
! LaTeX Error: File `dsfont.sty' not found.
Type X to quit or <RETURN> to proceed,
or enter new name. (Default extension: sty)
! Emergency stop.
<read *>
l.9 ^^M
! ==> Fatal error occurred, no output PDF file produced!
Calls: buildVignettes -> texi2pdf -> texi2dvi
Execution halted
Flavor: r-oldrel-osx-x86_64