Last updated on 2019-04-13 01:57:53 CEST.
Flavor | Version | Tinstall | Tcheck | Ttotal | Status | Flags |
---|---|---|---|---|---|---|
r-devel-linux-x86_64-debian-clang | 1.1.2 | 1257.46 | 113.90 | 1371.36 | OK | |
r-devel-linux-x86_64-debian-gcc | 1.1.2 | 1309.10 | 89.41 | 1398.51 | OK | |
r-devel-linux-x86_64-fedora-clang | 1.1.2 | 2113.99 | NOTE | |||
r-devel-linux-x86_64-fedora-gcc | 1.1.2 | 2091.76 | OK | |||
r-devel-windows-ix86+x86_64 | 1.1.2 | 3124.00 | 192.00 | 3316.00 | NOTE | |
r-patched-linux-x86_64 | 1.1.2 | 1461.35 | 113.10 | 1574.45 | OK | |
r-patched-solaris-x86 | 1.1.2 | 1561.40 | NOTE | |||
r-release-linux-x86_64 | 1.1.2 | 1452.09 | 107.40 | 1559.49 | OK | |
r-release-windows-ix86+x86_64 | 1.1.2 | 3137.00 | 202.00 | 3339.00 | NOTE | |
r-release-osx-x86_64 | 1.1.2 | NOTE | ||||
r-oldrel-windows-ix86+x86_64 | 1.1.2 | 2423.00 | 163.00 | 2586.00 | NOTE | |
r-oldrel-osx-x86_64 | 1.1.2 | NOTE |
Version: 1.1.2
Check: installed package size
Result: NOTE
installed size is 106.9Mb
sub-directories of 1Mb or more:
libs 106.1Mb
Flavors: r-devel-linux-x86_64-fedora-clang, r-devel-windows-ix86+x86_64, r-patched-solaris-x86, r-release-windows-ix86+x86_64, r-release-osx-x86_64, r-oldrel-windows-ix86+x86_64, r-oldrel-osx-x86_64