CRAN Package Check Results for Package BBMM

Last updated on 2019-04-13 01:57:53 CEST.

Flavor Version Tinstall Tcheck Ttotal Status Flags
r-devel-linux-x86_64-debian-clang 3.0 1.51 24.76 26.27 NOTE
r-devel-linux-x86_64-debian-gcc 3.0 1.28 19.64 20.92 NOTE
r-devel-linux-x86_64-fedora-clang 3.0 32.89 NOTE
r-devel-linux-x86_64-fedora-gcc 3.0 31.64 NOTE
r-devel-windows-ix86+x86_64 3.0 5.00 32.00 37.00 NOTE
r-patched-linux-x86_64 3.0 1.49 25.18 26.67 NOTE
r-patched-solaris-x86 3.0 63.90 NOTE
r-release-linux-x86_64 3.0 1.10 23.64 24.74 NOTE
r-release-windows-ix86+x86_64 3.0 2.00 34.00 36.00 NOTE
r-release-osx-x86_64 3.0 NOTE
r-oldrel-windows-ix86+x86_64 3.0 3.00 35.00 38.00 NOTE
r-oldrel-osx-x86_64 3.0 NOTE

Check Details

Version: 3.0
Check: R code for possible problems
Result: NOTE
    bbmm.contour: no visible global function definition for 'na.omit'
    bbmm.contour: no visible global function definition for 'optimize'
    bbmm.contour: no visible global function definition for 'contour'
    bbmm.contour: no visible global function definition for 'points'
    bbmm.contour: no visible global function definition for 'lines'
    brownian.bridge: no visible global function definition for 'sd'
    brownian.motion.variance: no visible global function definition for
     'optimize'
    Undefined global functions or variables:
     contour lines na.omit optimize points sd
    Consider adding
     importFrom("graphics", "contour", "lines", "points")
     importFrom("stats", "na.omit", "optimize", "sd")
    to your NAMESPACE file.
Flavors: r-devel-linux-x86_64-debian-clang, r-devel-linux-x86_64-debian-gcc, r-devel-linux-x86_64-fedora-clang, r-devel-linux-x86_64-fedora-gcc, r-devel-windows-ix86+x86_64, r-patched-linux-x86_64, r-patched-solaris-x86, r-release-linux-x86_64, r-release-windows-ix86+x86_64, r-release-osx-x86_64, r-oldrel-windows-ix86+x86_64, r-oldrel-osx-x86_64