Last updated on 2019-04-13 01:57:54 CEST.
Flavor | Version | Tinstall | Tcheck | Ttotal | Status | Flags |
---|---|---|---|---|---|---|
r-devel-linux-x86_64-debian-clang | 1.1 | 7.53 | 41.21 | 48.74 | NOTE | |
r-devel-linux-x86_64-debian-gcc | 1.1 | 5.73 | 32.55 | 38.28 | NOTE | |
r-devel-linux-x86_64-fedora-clang | 1.1 | 56.75 | NOTE | |||
r-devel-linux-x86_64-fedora-gcc | 1.1 | 54.73 | NOTE | |||
r-devel-windows-ix86+x86_64 | 1.1 | 17.00 | 66.00 | 83.00 | NOTE | |
r-patched-linux-x86_64 | 1.1 | 7.50 | 41.62 | 49.12 | NOTE | |
r-patched-solaris-x86 | 1.1 | 76.40 | NOTE | |||
r-release-linux-x86_64 | 1.1 | 7.07 | 37.16 | 44.23 | NOTE | |
r-release-windows-ix86+x86_64 | 1.1 | 10.00 | 44.00 | 54.00 | NOTE | |
r-release-osx-x86_64 | 1.1 | NOTE | ||||
r-oldrel-windows-ix86+x86_64 | 1.1 | 3.00 | 51.00 | 54.00 | NOTE | |
r-oldrel-osx-x86_64 | 1.1 | NOTE |
Version: 1.1
Check: R code for possible problems
Result: NOTE
clusterplots: no visible global function definition for 'par'
clusterplots: no visible global function definition for 'rainbow'
clusterplots: no visible global function definition for 'plot'
clusterplots: no visible global function definition for 'axis'
clusterplots: no visible global function definition for 'lines'
diagplots: no visible global function definition for 'par'
diagplots: no visible global function definition for 'plot'
diagplots: no visible global function definition for 'hist'
tseriesca: no visible global function definition for 'rgamma'
tseriesca: no visible global function definition for 'runif'
tseriesca: no visible global function definition for 'dbeta'
tseriesca: no visible global function definition for 'dgamma'
tseriescm: no visible global function definition for 'rgamma'
tseriescm: no visible global function definition for 'runif'
tseriescm: no visible global function definition for 'dbeta'
tseriescm: no visible global function definition for 'dgamma'
tseriescq: no visible global function definition for 'rgamma'
tseriescq: no visible global function definition for 'runif'
tseriescq: no visible global function definition for 'dbeta'
tseriescq: no visible global function definition for 'dgamma'
Undefined global functions or variables:
axis dbeta dgamma hist lines par plot rainbow rgamma runif
Consider adding
importFrom("grDevices", "rainbow")
importFrom("graphics", "axis", "hist", "lines", "par", "plot")
importFrom("stats", "dbeta", "dgamma", "rgamma", "runif")
to your NAMESPACE file.
Flavors: r-devel-linux-x86_64-debian-clang, r-devel-linux-x86_64-debian-gcc, r-devel-linux-x86_64-fedora-clang, r-devel-linux-x86_64-fedora-gcc, r-devel-windows-ix86+x86_64, r-patched-linux-x86_64, r-patched-solaris-x86, r-release-linux-x86_64, r-release-windows-ix86+x86_64, r-release-osx-x86_64, r-oldrel-windows-ix86+x86_64, r-oldrel-osx-x86_64
Version: 1.1
Check: files in ‘vignettes’
Result: NOTE
Package has no Sweave vignette sources and no VignetteBuilder field.
Flavors: r-devel-linux-x86_64-debian-clang, r-devel-linux-x86_64-debian-gcc, r-devel-linux-x86_64-fedora-clang, r-devel-linux-x86_64-fedora-gcc, r-devel-windows-ix86+x86_64, r-patched-linux-x86_64, r-patched-solaris-x86, r-release-linux-x86_64, r-release-windows-ix86+x86_64, r-release-osx-x86_64, r-oldrel-windows-ix86+x86_64, r-oldrel-osx-x86_64