CRAN Package Check Results for Package BaMORC

Last updated on 2019-04-13 01:57:53 CEST.

Flavor Version Tinstall Tcheck Ttotal Status Flags
r-devel-linux-x86_64-debian-clang 1.0.1 11.48 118.88 130.36 OK
r-devel-linux-x86_64-debian-gcc 1.0.1 9.63 86.09 95.72 OK
r-devel-linux-x86_64-fedora-clang 1.0.1 157.94 NOTE
r-devel-linux-x86_64-fedora-gcc 1.0.1 147.90 NOTE
r-devel-windows-ix86+x86_64 1.0.1 22.00 115.00 137.00 NOTE
r-patched-linux-x86_64 1.0.1 11.12 114.24 125.36 OK
r-patched-solaris-x86 1.0.1 205.10 NOTE
r-release-linux-x86_64 1.0.1 8.10 116.49 124.59 OK
r-release-windows-ix86+x86_64 1.0.1 21.00 222.00 243.00 NOTE
r-release-osx-x86_64 1.0.1 NOTE
r-oldrel-windows-ix86+x86_64 1.0.1 14.00 135.00 149.00 NOTE
r-oldrel-osx-x86_64 1.0.1 NOTE

Check Details

Version: 1.0.1
Check: installed package size
Result: NOTE
     installed size is 5.5Mb
     sub-directories of 1Mb or more:
     data 4.6Mb
Flavors: r-devel-linux-x86_64-fedora-clang, r-devel-windows-ix86+x86_64, r-patched-solaris-x86, r-release-windows-ix86+x86_64, r-release-osx-x86_64, r-oldrel-windows-ix86+x86_64, r-oldrel-osx-x86_64

Version: 1.0.1
Check: dependencies in R code
Result: NOTE
    Namespaces in Imports field not imported from:
     ‘devtools’ ‘docopt’
     All declared Imports should be used.
Flavors: r-devel-linux-x86_64-fedora-clang, r-devel-linux-x86_64-fedora-gcc, r-patched-solaris-x86, r-release-osx-x86_64, r-oldrel-osx-x86_64