Last updated on 2019-04-13 01:57:53 CEST.
Flavor | Version | Tinstall | Tcheck | Ttotal | Status | Flags |
---|---|---|---|---|---|---|
r-devel-linux-x86_64-debian-clang | 0.9.12-4.2 | 213.35 | 277.88 | 491.23 | OK | |
r-devel-linux-x86_64-debian-gcc | 0.9.12-4.2 | 176.38 | 213.33 | 389.71 | OK | |
r-devel-linux-x86_64-fedora-clang | 0.9.12-4.2 | 698.99 | NOTE | |||
r-devel-linux-x86_64-fedora-gcc | 0.9.12-4.2 | 707.31 | OK | |||
r-devel-windows-ix86+x86_64 | 0.9.12-4.2 | 501.00 | 408.00 | 909.00 | NOTE | |
r-patched-linux-x86_64 | 0.9.12-4.2 | 202.37 | 269.88 | 472.25 | OK | |
r-patched-solaris-x86 | 0.9.12-4.2 | 758.60 | NOTE | |||
r-release-linux-x86_64 | 0.9.12-4.2 | 213.63 | 263.24 | 476.87 | OK | |
r-release-windows-ix86+x86_64 | 0.9.12-4.2 | 488.00 | 406.00 | 894.00 | NOTE | |
r-release-osx-x86_64 | 0.9.12-4.2 | NOTE | ||||
r-oldrel-windows-ix86+x86_64 | 0.9.12-4.2 | 355.00 | 317.00 | 672.00 | NOTE | |
r-oldrel-osx-x86_64 | 0.9.12-4.2 | NOTE |
Version: 0.9.12-4.2
Check: installed package size
Result: NOTE
installed size is 20.8Mb
sub-directories of 1Mb or more:
doc 5.4Mb
libs 14.3Mb
Flavors: r-devel-linux-x86_64-fedora-clang, r-devel-windows-ix86+x86_64, r-patched-solaris-x86, r-release-windows-ix86+x86_64, r-release-osx-x86_64, r-oldrel-windows-ix86+x86_64, r-oldrel-osx-x86_64
Version: 0.9.12-4.2
Check: package dependencies
Result: NOTE
Package suggested but not available for checking: 'doMC'
Flavors: r-devel-windows-ix86+x86_64, r-release-windows-ix86+x86_64, r-oldrel-windows-ix86+x86_64