Last updated on 2019-04-13 01:57:54 CEST.
Flavor | Version | Tinstall | Tcheck | Ttotal | Status | Flags |
---|---|---|---|---|---|---|
r-devel-linux-x86_64-debian-clang | 1.1.2 | 26.80 | 277.47 | 304.27 | OK | |
r-devel-linux-x86_64-debian-gcc | 1.1.2 | 23.60 | 212.91 | 236.51 | OK | |
r-devel-linux-x86_64-fedora-clang | 1.1.2 | 367.03 | OK | |||
r-devel-linux-x86_64-fedora-gcc | 1.1.2 | 355.15 | OK | |||
r-devel-windows-ix86+x86_64 | 1.1.2 | 74.00 | 375.00 | 449.00 | OK | |
r-patched-linux-x86_64 | 1.1.2 | 26.34 | 272.11 | 298.45 | OK | |
r-patched-solaris-x86 | 1.1.2 | 4.50 | ERROR | |||
r-release-linux-x86_64 | 1.1.2 | 22.45 | 270.26 | 292.71 | OK | |
r-release-windows-ix86+x86_64 | 1.1.2 | 34.00 | 320.00 | 354.00 | OK | |
r-release-osx-x86_64 | 1.1.2 | ERROR | ||||
r-oldrel-windows-ix86+x86_64 | 1.1.2 | 32.00 | 237.00 | 269.00 | OK | |
r-oldrel-osx-x86_64 | 1.1.1 | ERROR |
Version: 1.1.2
Check: package dependencies
Result: ERROR
Packages required but not available: 'rcdk', 'ChemmineR', 'fmcsR'
See section ‘The DESCRIPTION file’ in the ‘Writing R Extensions’
manual.
Flavor: r-patched-solaris-x86
Version: 1.1.2
Check: package dependencies
Result: ERROR
Packages required but not available: ‘ChemmineR’ ‘fmcsR’
See section ‘The DESCRIPTION file’ in the ‘Writing R Extensions’
manual.
Flavor: r-release-osx-x86_64
Version: 1.1.1
Check: package dependencies
Result: ERROR
Packages required but not available: ‘ChemmineR’ ‘fmcsR’ ‘org.Hs.eg.db’
See section ‘The DESCRIPTION file’ in the ‘Writing R Extensions’
manual.
Flavor: r-oldrel-osx-x86_64