CRAN Package Check Results for Package CGPfunctions

Last updated on 2019-04-13 01:57:55 CEST.

Flavor Version Tinstall Tcheck Ttotal Status Flags
r-devel-linux-x86_64-debian-clang 0.5.2 11.75 152.26 164.01 OK
r-devel-linux-x86_64-debian-gcc 0.5.2 9.58 115.75 125.33 OK
r-devel-linux-x86_64-fedora-clang 0.5.2 197.86 NOTE
r-devel-linux-x86_64-fedora-gcc 0.5.2 188.95 NOTE
r-devel-windows-ix86+x86_64 0.5.2 35.00 151.00 186.00 OK
r-patched-linux-x86_64 0.5.2 11.38 150.94 162.32 OK
r-patched-solaris-x86 0.5.2 285.40 NOTE
r-release-linux-x86_64 0.5.2 8.89 137.77 146.66 OK
r-release-windows-ix86+x86_64 0.5.2 29.00 242.00 271.00 OK
r-release-osx-x86_64 0.5.2 NOTE
r-oldrel-windows-ix86+x86_64 0.5.2 1.00 4.00 5.00 ERROR
r-oldrel-osx-x86_64 0.5.2 ERROR

Check Details

Version: 0.5.2
Check: dependencies in R code
Result: NOTE
    Namespaces in Imports field not imported from:
     ‘devtools’ ‘pwr’
     All declared Imports should be used.
Flavors: r-devel-linux-x86_64-fedora-clang, r-devel-linux-x86_64-fedora-gcc, r-patched-solaris-x86, r-release-osx-x86_64

Version: 0.5.2
Check: package dependencies
Result: ERROR
    Package required but not available: 'broomExtra'
    
    See section 'The DESCRIPTION file' in the 'Writing R Extensions'
    manual.
Flavors: r-oldrel-windows-ix86+x86_64, r-oldrel-osx-x86_64