CRAN Package Check Results for Package CONDOP

Last updated on 2019-04-13 01:57:56 CEST.

Flavor Version Tinstall Tcheck Ttotal Status Flags
r-devel-linux-x86_64-debian-clang 1.0 35.66 210.49 246.15 OK
r-devel-linux-x86_64-debian-gcc 1.0 28.94 165.81 194.75 OK
r-devel-linux-x86_64-fedora-clang 1.0 313.43 NOTE
r-devel-linux-x86_64-fedora-gcc 1.0 301.46 OK
r-devel-windows-ix86+x86_64 1.0 60.00 259.00 319.00 NOTE
r-patched-linux-x86_64 1.0 31.25 209.49 240.74 OK
r-patched-solaris-x86 1.0 4.60 ERROR
r-release-linux-x86_64 1.0 25.06 203.47 228.53 OK
r-release-windows-ix86+x86_64 1.0 59.00 262.00 321.00 NOTE
r-release-osx-x86_64 1.0 NOTE
r-oldrel-windows-ix86+x86_64 1.0 31.00 198.00 229.00 NOTE
r-oldrel-osx-x86_64 1.0 NOTE

Check Details

Version: 1.0
Check: installed package size
Result: NOTE
     installed size is 9.4Mb
     sub-directories of 1Mb or more:
     data 6.5Mb
     extdata 2.6Mb
Flavors: r-devel-linux-x86_64-fedora-clang, r-devel-windows-ix86+x86_64, r-release-windows-ix86+x86_64, r-release-osx-x86_64, r-oldrel-windows-ix86+x86_64, r-oldrel-osx-x86_64

Version: 1.0
Check: package dependencies
Result: ERROR
    Package required but not available: ‘rminer’
    
    See section ‘The DESCRIPTION file’ in the ‘Writing R Extensions’
    manual.
Flavor: r-patched-solaris-x86