CRAN Package Check Results for Package CausalImpact

Last updated on 2019-04-13 01:57:55 CEST.

Flavor Version Tinstall Tcheck Ttotal Status Flags
r-devel-linux-x86_64-debian-clang 1.2.3 5.73 88.94 94.67 NOTE
r-devel-linux-x86_64-debian-gcc 1.2.3 5.04 68.07 73.11 NOTE
r-devel-linux-x86_64-fedora-clang 1.2.3 111.02 NOTE
r-devel-linux-x86_64-fedora-gcc 1.2.3 110.11 NOTE
r-devel-windows-ix86+x86_64 1.2.3 12.00 100.00 112.00 NOTE
r-patched-linux-x86_64 1.2.3 5.88 89.84 95.72 NOTE
r-release-linux-x86_64 1.2.3 3.88 90.68 94.56 NOTE
r-release-windows-ix86+x86_64 1.2.3 11.00 144.00 155.00 NOTE
r-release-osx-x86_64 1.2.3 OK
r-oldrel-windows-ix86+x86_64 1.2.3 7.00 108.00 115.00 NOTE
r-oldrel-osx-x86_64 1.2.3 OK

Check Details

Version: 1.2.3
Check: R code for possible problems
Result: NOTE
    ConstructModel: warning in AddDynamicRegression(ss, formula, data =
     data, sigma.mean.prior = sigma.mean.prior): partial argument match of
     'sigma.mean.prior' to 'sigma.mean.prior.DEPRECATED'
Flavors: r-devel-linux-x86_64-debian-clang, r-devel-linux-x86_64-debian-gcc, r-devel-linux-x86_64-fedora-clang, r-devel-linux-x86_64-fedora-gcc, r-devel-windows-ix86+x86_64, r-patched-linux-x86_64, r-release-linux-x86_64, r-release-windows-ix86+x86_64, r-oldrel-windows-ix86+x86_64