CRAN Package Check Results for Package CongreveLamsdell2016

Last updated on 2019-04-13 01:57:56 CEST.

Flavor Version Tinstall Tcheck Ttotal Status Flags
r-devel-linux-x86_64-debian-clang 1.0.1 2.93 262.48 265.41 OK
r-devel-linux-x86_64-debian-gcc 1.0.1 3.08 203.37 206.45 OK
r-devel-linux-x86_64-fedora-clang 1.0.1 334.86 NOTE
r-devel-linux-x86_64-fedora-gcc 1.0.1 319.21 OK
r-devel-windows-ix86+x86_64 1.0.1 9.00 184.00 193.00 NOTE
r-patched-linux-x86_64 1.0.1 3.39 260.15 263.54 OK
r-patched-solaris-x86 1.0.1 216.40 NOTE
r-release-linux-x86_64 1.0.1 2.66 254.09 256.75 OK
r-release-windows-ix86+x86_64 1.0.1 5.00 232.00 237.00 NOTE
r-release-osx-x86_64 1.0.1 NOTE
r-oldrel-windows-ix86+x86_64 1.0.1 6.00 178.00 184.00 NOTE
r-oldrel-osx-x86_64 1.0.1 NOTE

Check Details

Version: 1.0.1
Check: installed package size
Result: NOTE
     installed size is 5.4Mb
     sub-directories of 1Mb or more:
     doc 4.5Mb
Flavors: r-devel-linux-x86_64-fedora-clang, r-devel-windows-ix86+x86_64, r-patched-solaris-x86, r-release-windows-ix86+x86_64, r-release-osx-x86_64, r-oldrel-windows-ix86+x86_64, r-oldrel-osx-x86_64