Last updated on 2019-04-13 01:57:57 CEST.
Flavor | Version | Tinstall | Tcheck | Ttotal | Status | Flags |
---|---|---|---|---|---|---|
r-devel-linux-x86_64-debian-clang | 1.1.1 | 44.87 | 25.67 | 70.54 | OK | |
r-devel-linux-x86_64-debian-gcc | 1.1.1 | 33.77 | 21.14 | 54.91 | OK | |
r-devel-linux-x86_64-fedora-clang | 1.1.1 | 104.85 | NOTE | |||
r-devel-linux-x86_64-fedora-gcc | 1.1.1 | 84.78 | NOTE | |||
r-devel-windows-ix86+x86_64 | 1.1.1 | 100.00 | 75.00 | 175.00 | OK | |
r-patched-linux-x86_64 | 1.1.1 | 39.31 | 25.68 | 64.99 | OK | |
r-patched-solaris-x86 | 1.1.1 | 99.70 | OK | |||
r-release-linux-x86_64 | 1.1.1 | 36.84 | 24.66 | 61.50 | OK | |
r-release-windows-ix86+x86_64 | 1.1.1 | 102.00 | 54.00 | 156.00 | OK | |
r-release-osx-x86_64 | 1.1.1 | NOTE | ||||
r-oldrel-windows-ix86+x86_64 | 1.1.1 | 75.00 | 66.00 | 141.00 | OK | |
r-oldrel-osx-x86_64 | 1.1.1 | NOTE |
Version: 1.1.1
Check: installed package size
Result: NOTE
installed size is 5.7Mb
sub-directories of 1Mb or more:
libs 5.6Mb
Flavors: r-devel-linux-x86_64-fedora-clang, r-release-osx-x86_64, r-oldrel-osx-x86_64
Version: 1.1.1
Check: compiled code
Result: NOTE
File ‘CoxPlus/libs/CoxPlus.so’:
Found no calls to: ‘R_registerRoutines’, ‘R_useDynamicSymbols’
It is good practice to register native routines and to disable symbol
search.
See ‘Writing portable packages’ in the ‘Writing R Extensions’ manual.
Flavors: r-devel-linux-x86_64-fedora-clang, r-devel-linux-x86_64-fedora-gcc