CRAN Package Check Results for Package DClusterm

Last updated on 2019-04-13 01:57:58 CEST.

Flavor Version Tinstall Tcheck Ttotal Status Flags
r-devel-linux-x86_64-debian-clang 0.2-1 10.34 173.17 183.51 NOTE
r-devel-linux-x86_64-debian-gcc 0.2-1 10.44 136.79 147.23 NOTE
r-devel-linux-x86_64-fedora-clang 0.2-1 219.06 NOTE
r-devel-linux-x86_64-fedora-gcc 0.2-1 209.60 NOTE
r-devel-windows-ix86+x86_64 0.2-1 23.00 160.00 183.00 OK --no-vignettes
r-patched-linux-x86_64 0.2-1 11.67 170.09 181.76 NOTE
r-patched-solaris-x86 0.2-1 997.20 NOTE
r-release-linux-x86_64 0.2-1 8.96 172.92 181.88 NOTE
r-release-windows-ix86+x86_64 0.2-1 20.00 107.00 127.00 OK --no-vignettes
r-release-osx-x86_64 0.2-1 NOTE
r-oldrel-windows-ix86+x86_64 0.2-1 12.00 172.00 184.00 OK --no-vignettes
r-oldrel-osx-x86_64 0.2-1 NOTE

Check Details

Version: 0.2-1
Check: package dependencies
Result: NOTE
    Package suggested but not available for checking: 'INLA'
Flavors: r-devel-linux-x86_64-debian-clang, r-devel-linux-x86_64-debian-gcc, r-patched-linux-x86_64, r-patched-solaris-x86, r-release-linux-x86_64, r-release-osx-x86_64, r-oldrel-osx-x86_64

Version: 0.2-1
Check: dependencies in R code
Result: NOTE
    Namespaces in Imports field not imported from:
     ‘RColorBrewer’ ‘gridExtra’ ‘latticeExtra’
     All declared Imports should be used.
Flavors: r-devel-linux-x86_64-fedora-clang, r-devel-linux-x86_64-fedora-gcc, r-patched-solaris-x86, r-release-osx-x86_64, r-oldrel-osx-x86_64

Version: 0.2-1
Check: data for non-ASCII characters
Result: NOTE
     Note: found 2 marked Latin-1 strings
Flavors: r-devel-linux-x86_64-fedora-clang, r-devel-linux-x86_64-fedora-gcc, r-patched-solaris-x86, r-release-osx-x86_64, r-oldrel-osx-x86_64