CRAN Package Check Results for Package DEoptim

Last updated on 2019-04-13 01:57:58 CEST.

Flavor Version Tinstall Tcheck Ttotal Status Flags
r-devel-linux-x86_64-debian-clang 2.2-4 3.43 40.02 43.45 OK
r-devel-linux-x86_64-debian-gcc 2.2-4 2.47 30.90 33.37 OK
r-devel-linux-x86_64-fedora-clang 2.2-4 53.96 NOTE
r-devel-linux-x86_64-fedora-gcc 2.2-4 52.40 NOTE
r-devel-windows-ix86+x86_64 2.2-4 16.00 75.00 91.00 OK
r-patched-linux-x86_64 2.2-4 2.56 39.77 42.33 OK
r-patched-solaris-x86 2.2-4 81.10 OK
r-release-linux-x86_64 2.2-4 2.27 37.61 39.88 OK
r-release-windows-ix86+x86_64 2.2-4 11.00 70.00 81.00 OK
r-release-osx-x86_64 2.2-4 OK
r-oldrel-windows-ix86+x86_64 2.2-4 8.00 70.00 78.00 OK
r-oldrel-osx-x86_64 2.2-4 OK

Check Details

Version: 2.2-4
Check: compiled code
Result: NOTE
    File ‘DEoptim/libs/DEoptim.so’:
     Found no calls to: ‘R_registerRoutines’, ‘R_useDynamicSymbols’
    
    It is good practice to register native routines and to disable symbol
    search.
    
    See ‘Writing portable packages’ in the ‘Writing R Extensions’ manual.
Flavors: r-devel-linux-x86_64-fedora-clang, r-devel-linux-x86_64-fedora-gcc