Last updated on 2019-04-13 01:57:58 CEST.
Flavor | Version | Tinstall | Tcheck | Ttotal | Status | Flags |
---|---|---|---|---|---|---|
r-devel-linux-x86_64-debian-clang | 0.5.2 | 67.66 | 202.92 | 270.58 | OK | |
r-devel-linux-x86_64-debian-gcc | 0.5.2 | 53.86 | 168.34 | 222.20 | OK | |
r-devel-linux-x86_64-fedora-clang | 0.5.2 | 370.74 | NOTE | |||
r-devel-linux-x86_64-fedora-gcc | 0.5.2 | 364.53 | OK | |||
r-devel-windows-ix86+x86_64 | 0.5.2 | 164.00 | 435.00 | 599.00 | OK | |
r-patched-linux-x86_64 | 0.5.2 | 61.28 | 231.43 | 292.71 | OK | |
r-patched-solaris-x86 | 0.5.2 | 662.30 | OK | |||
r-release-linux-x86_64 | 0.5.2 | 59.44 | 228.58 | 288.02 | OK | |
r-release-windows-ix86+x86_64 | 0.5.2 | 187.00 | 561.00 | 748.00 | OK | |
r-release-osx-x86_64 | 0.5.2 | OK | ||||
r-oldrel-windows-ix86+x86_64 | 0.5.2 | 150.00 | 441.00 | 591.00 | OK | |
r-oldrel-osx-x86_64 | 0.5.2 | OK |
Version: 0.5.2
Check: installed package size
Result: NOTE
installed size is 6.3Mb
sub-directories of 1Mb or more:
libs 5.8Mb
Flavor: r-devel-linux-x86_64-fedora-clang