CRAN Package Check Results for Package DNLC

Last updated on 2019-04-13 01:57:59 CEST.

Flavor Version Tinstall Tcheck Ttotal Status Flags
r-devel-linux-x86_64-debian-clang 1.0.0 10.56 20.20 30.76 OK
r-devel-linux-x86_64-debian-gcc 1.0.0 7.49 16.87 24.36 OK
r-devel-linux-x86_64-fedora-clang 1.0.0 36.83 NOTE
r-devel-linux-x86_64-fedora-gcc 1.0.0 35.15 NOTE
r-devel-windows-ix86+x86_64 1.0.0 15.00 43.00 58.00 OK
r-patched-linux-x86_64 1.0.0 10.05 20.29 30.34 OK
r-patched-solaris-x86 1.0.0 60.10 NOTE
r-release-linux-x86_64 1.0.0 9.64 19.24 28.88 OK
r-release-windows-ix86+x86_64 1.0.0 16.00 43.00 59.00 OK
r-release-osx-x86_64 1.0.0 NOTE
r-oldrel-windows-ix86+x86_64 1.0.0 10.00 31.00 41.00 OK
r-oldrel-osx-x86_64 1.0.0 NOTE

Check Details

Version: 1.0.0
Check: dependencies in R code
Result: NOTE
    Namespaces in Imports field not imported from:
     ‘GOstats’ ‘caTools’ ‘fdrtool’
     All declared Imports should be used.
Flavors: r-devel-linux-x86_64-fedora-clang, r-devel-linux-x86_64-fedora-gcc, r-patched-solaris-x86, r-release-osx-x86_64, r-oldrel-osx-x86_64