Last updated on 2019-04-13 01:57:59 CEST.
Flavor | Version | Tinstall | Tcheck | Ttotal | Status | Flags |
---|---|---|---|---|---|---|
r-devel-linux-x86_64-debian-clang | 0.12 | 5.63 | 37.37 | 43.00 | NOTE | |
r-devel-linux-x86_64-debian-gcc | 0.12 | 4.58 | 29.77 | 34.35 | NOTE | |
r-devel-linux-x86_64-fedora-clang | 0.12 | 49.80 | NOTE | |||
r-devel-linux-x86_64-fedora-gcc | 0.12 | 48.21 | NOTE | |||
r-devel-windows-ix86+x86_64 | 0.12 | 13.00 | 72.00 | 85.00 | NOTE | |
r-patched-linux-x86_64 | 0.12 | 5.67 | 37.34 | 43.01 | NOTE | |
r-patched-solaris-x86 | 0.12 | 73.30 | NOTE | |||
r-release-linux-x86_64 | 0.12 | 4.85 | 35.60 | 40.45 | NOTE | |
r-release-windows-ix86+x86_64 | 0.12 | 10.00 | 46.00 | 56.00 | NOTE | |
r-release-osx-x86_64 | 0.12 | NOTE | ||||
r-oldrel-windows-ix86+x86_64 | 0.12 | 5.00 | 58.00 | 63.00 | NOTE | |
r-oldrel-osx-x86_64 | 0.12 | NOTE |
Version: 0.12
Check: package dependencies
Result: NOTE
Package which this enhances but not available for checking: 'gurobi'
Flavors: r-devel-linux-x86_64-debian-clang, r-devel-linux-x86_64-debian-gcc, r-devel-linux-x86_64-fedora-clang, r-devel-linux-x86_64-fedora-gcc, r-devel-windows-ix86+x86_64, r-patched-linux-x86_64, r-release-linux-x86_64, r-release-windows-ix86+x86_64, r-release-osx-x86_64, r-oldrel-windows-ix86+x86_64, r-oldrel-osx-x86_64
Version: 0.12
Check: package dependencies
Result: NOTE
Packages which this enhances but not available for checking:
'gurobi', 'Rmosek'
Flavor: r-patched-solaris-x86