CRAN Package Check Results for Package ECFsup

Last updated on 2019-04-13 01:57:59 CEST.

Flavor Version Tinstall Tcheck Ttotal Status Flags
r-devel-linux-x86_64-debian-clang 0.1-2 27.44 27.47 54.91 NOTE
r-devel-linux-x86_64-debian-gcc 0.1-2 20.45 22.02 42.47 NOTE
r-devel-linux-x86_64-fedora-clang 0.1-2 73.35 NOTE
r-devel-linux-x86_64-fedora-gcc 0.1-2 66.17 NOTE
r-devel-windows-ix86+x86_64 0.1-2 67.00 90.00 157.00 OK
r-patched-linux-x86_64 0.1-2 24.38 27.46 51.84 NOTE
r-patched-solaris-x86 0.1-2 82.30 OK
r-release-linux-x86_64 0.1-2 24.11 26.73 50.84 OK
r-release-windows-ix86+x86_64 0.1-2 67.00 61.00 128.00 OK
r-release-osx-x86_64 0.1-2 OK
r-oldrel-windows-ix86+x86_64 0.1-2 44.00 68.00 112.00 OK
r-oldrel-osx-x86_64 0.1-2 OK

Check Details

Version: 0.1-2
Check: use of SHLIB_OPENMP_*FLAGS in Makefiles
Result: NOTE
     src/Makevars: SHLIB_OPENMP_CXXFLAGS is included in PKG_CXXFLAGS but not in PKG_LIBS
     src/Makevars: SHLIB_OPENMP_CFLAGS is included in PKG_LIBS but linking is by C++
     src/Makevars.win: SHLIB_OPENMP_CXXFLAGS is included in PKG_CXXFLAGS but not in PKG_LIBS
     src/Makevars.win: SHLIB_OPENMP_CFLAGS is included in PKG_LIBS but linking is by C++
    Use of these macros is discussed in sect 1.2.1.1 of 'Writing R
    Extensions'. The macros for different languages may differ so the
    matching macro must be used in PKG_CXXFLAGS (etc) and match that used
    in PKG_LIBS (except for Fortran: see the manual).
Flavors: r-devel-linux-x86_64-debian-clang, r-devel-linux-x86_64-debian-gcc, r-devel-linux-x86_64-fedora-clang, r-devel-linux-x86_64-fedora-gcc, r-patched-linux-x86_64