Last updated on 2019-04-13 01:57:59 CEST.
Flavor | Version | Tinstall | Tcheck | Ttotal | Status | Flags |
---|---|---|---|---|---|---|
r-devel-linux-x86_64-debian-clang | 1.3.0 | 170.45 | 42.56 | 213.01 | OK | |
r-devel-linux-x86_64-debian-gcc | 1.3.0 | 137.54 | 34.72 | 172.26 | OK | |
r-devel-linux-x86_64-fedora-clang | 1.3.0 | 339.29 | NOTE | |||
r-devel-linux-x86_64-fedora-gcc | 1.3.0 | 295.65 | OK | |||
r-devel-windows-ix86+x86_64 | 1.3.0 | 476.00 | 75.00 | 551.00 | OK | |
r-patched-linux-x86_64 | 1.3.0 | 158.28 | 43.59 | 201.87 | OK | |
r-patched-solaris-x86 | 1.3.0 | 295.60 | OK | |||
r-release-linux-x86_64 | 1.3.0 | 157.24 | 41.23 | 198.47 | OK | |
r-release-windows-ix86+x86_64 | 1.3.0 | 499.00 | 108.00 | 607.00 | OK | |
r-release-osx-x86_64 | 1.3.0 | NOTE | ||||
r-oldrel-windows-ix86+x86_64 | 1.3.0 | 356.00 | 81.00 | 437.00 | OK | |
r-oldrel-osx-x86_64 | 1.3.0 | NOTE |
Version: 1.3.0
Check: installed package size
Result: NOTE
installed size is 8.7Mb
sub-directories of 1Mb or more:
libs 7.5Mb
Flavors: r-devel-linux-x86_64-fedora-clang, r-release-osx-x86_64, r-oldrel-osx-x86_64