Last updated on 2019-04-13 01:58:01 CEST.
Flavor | Version | Tinstall | Tcheck | Ttotal | Status | Flags |
---|---|---|---|---|---|---|
r-devel-linux-x86_64-debian-clang | 0.1.2 | 42.64 | 44.64 | 87.28 | OK | |
r-devel-linux-x86_64-debian-gcc | 0.1.2 | 32.52 | 35.65 | 68.17 | OK | |
r-devel-linux-x86_64-fedora-clang | 0.1.2 | 124.27 | NOTE | |||
r-devel-linux-x86_64-fedora-gcc | 0.1.2 | 111.72 | NOTE | |||
r-devel-windows-ix86+x86_64 | 0.1.2 | 106.00 | 119.00 | 225.00 | OK | |
r-patched-linux-x86_64 | 0.1.2 | 42.53 | 45.47 | 88.00 | OK | |
r-patched-solaris-x86 | 0.1.2 | 134.40 | OK | |||
r-release-linux-x86_64 | 0.1.2 | 37.65 | 39.39 | 77.04 | OK | |
r-release-windows-ix86+x86_64 | 0.1.2 | 100.00 | 102.00 | 202.00 | OK | |
r-release-osx-x86_64 | 0.1.2 | OK | ||||
r-oldrel-windows-ix86+x86_64 | 0.1.2 | 76.00 | 83.00 | 159.00 | OK | |
r-oldrel-osx-x86_64 | 0.1.2 | OK |
Version: 0.1.2
Check: compiled code
Result: NOTE
File ‘FIACH/libs/FIACH.so’:
Found no calls to: ‘R_registerRoutines’, ‘R_useDynamicSymbols’
It is good practice to register native routines and to disable symbol
search.
See ‘Writing portable packages’ in the ‘Writing R Extensions’ manual.
Flavors: r-devel-linux-x86_64-fedora-clang, r-devel-linux-x86_64-fedora-gcc